CRAN Package Check Results for Package FertBoot

Last updated on 2024-05-23 21:50:42 CEST.

Flavor Version Tinstall Tcheck Ttotal Status Flags
r-devel-linux-x86_64-debian-clang 0.5.0 2.68 26.99 29.67 NOTE
r-devel-linux-x86_64-debian-gcc 0.5.0 2.24 20.31 22.55 NOTE
r-devel-linux-x86_64-fedora-clang 0.5.0 37.49 NOTE
r-devel-linux-x86_64-fedora-gcc 0.5.0 34.93 NOTE
r-devel-windows-x86_64 0.5.0 4.00 43.00 47.00 NOTE
r-patched-linux-x86_64 0.5.0 2.41 24.98 27.39 NOTE
r-release-linux-x86_64 0.5.0 1.79 26.01 27.80 NOTE
r-release-macos-arm64 0.5.0 16.00 NOTE
r-release-windows-x86_64 0.5.0 6.00 42.00 48.00 NOTE
r-oldrel-macos-arm64 0.5.0 18.00 NOTE
r-oldrel-macos-x86_64 0.5.0 21.00 NOTE
r-oldrel-windows-x86_64 0.5.0 4.00 45.00 49.00 NOTE

Check Details

Version: 0.5.0
Check: LazyData
Result: NOTE 'LazyData' is specified without a 'data' directory Flavors: r-devel-linux-x86_64-debian-clang, r-devel-linux-x86_64-debian-gcc, r-devel-linux-x86_64-fedora-clang, r-devel-linux-x86_64-fedora-gcc, r-devel-windows-x86_64, r-patched-linux-x86_64, r-release-linux-x86_64, r-release-macos-arm64, r-release-windows-x86_64, r-oldrel-macos-arm64, r-oldrel-macos-x86_64, r-oldrel-windows-x86_64