CRAN Package Check Results for Package Fgmutils

Last updated on 2024-06-19 22:54:40 CEST.

Flavor Version Tinstall Tcheck Ttotal Status Flags
r-devel-linux-x86_64-debian-clang 0.9.5 14.42 100.46 114.88 NOTE
r-devel-linux-x86_64-debian-gcc 0.9.5 10.41 73.33 83.74 NOTE
r-devel-linux-x86_64-fedora-clang 0.9.5 145.25 NOTE
r-devel-linux-x86_64-fedora-gcc 0.9.5 136.39 NOTE
r-devel-windows-x86_64 0.9.5 12.00 91.00 103.00 NOTE
r-patched-linux-x86_64 0.9.5 14.89 95.54 110.43 NOTE
r-release-linux-x86_64 0.9.5 13.92 97.12 111.04 NOTE
r-release-macos-arm64 0.9.5 61.00 NOTE
r-release-macos-x86_64 0.9.5 137.00 NOTE
r-release-windows-x86_64 0.9.5 12.00 97.00 109.00 NOTE
r-oldrel-macos-arm64 0.9.5 42.00 NOTE
r-oldrel-macos-x86_64 0.9.5 76.00 NOTE
r-oldrel-windows-x86_64 0.9.5 13.00 102.00 115.00 NOTE

Check Details

Version: 0.9.5
Check: Rd files
Result: NOTE checkRd: (-1) contemParametros.Rd:19: Lost braces 19 | \item{exclui3pontos}{verify por ... ? in f<-function(a, ...){ }} | ^ Flavors: r-devel-linux-x86_64-debian-clang, r-devel-linux-x86_64-debian-gcc, r-devel-linux-x86_64-fedora-clang, r-devel-linux-x86_64-fedora-gcc, r-devel-windows-x86_64, r-patched-linux-x86_64, r-release-linux-x86_64, r-release-macos-arm64, r-release-macos-x86_64, r-release-windows-x86_64

Version: 0.9.5
Check: LazyData
Result: NOTE 'LazyData' is specified without a 'data' directory Flavors: r-devel-linux-x86_64-debian-clang, r-devel-linux-x86_64-debian-gcc, r-devel-linux-x86_64-fedora-clang, r-devel-linux-x86_64-fedora-gcc, r-devel-windows-x86_64, r-patched-linux-x86_64, r-release-linux-x86_64, r-release-macos-arm64, r-release-macos-x86_64, r-release-windows-x86_64, r-oldrel-macos-arm64, r-oldrel-macos-x86_64, r-oldrel-windows-x86_64