CRAN Package Check Results for Package FielDHub

Last updated on 2021-12-08 19:51:31 CET.

Flavor Version Tinstall Tcheck Ttotal Status Flags
r-devel-linux-x86_64-debian-clang 0.1.0 22.74 174.59 197.33 OK
r-devel-linux-x86_64-debian-gcc 0.1.0 18.47 126.03 144.50 OK
r-devel-linux-x86_64-fedora-clang 0.1.0 235.16 NOTE
r-devel-linux-x86_64-fedora-gcc 0.1.0 223.55 NOTE
r-devel-windows-x86_64-new-UL 0.1.0 49.00 194.00 243.00 OK
r-devel-windows-x86_64-new-TK 0.1.0 NOTE
r-devel-windows-x86_64-old 0.1.0 39.00 190.00 229.00 OK
r-patched-linux-x86_64 0.1.0 14.79 164.77 179.56 OK
r-release-linux-x86_64 0.1.0 16.37 163.39 179.76 OK
r-release-macos-arm64 0.1.0 NOTE
r-release-macos-x86_64 0.1.0 NOTE
r-release-windows-ix86+x86_64 0.1.0 32.00 184.00 216.00 OK
r-oldrel-macos-x86_64 0.1.0 NOTE
r-oldrel-windows-ix86+x86_64 0.1.0 44.00 186.00 230.00 OK

Check Details

Version: 0.1.0
Check: dependencies in R code
Result: NOTE
    Namespaces in Imports field not imported from:
     ‘attempt’ ‘glue’
     All declared Imports should be used.
Flavors: r-devel-linux-x86_64-fedora-clang, r-devel-linux-x86_64-fedora-gcc, r-devel-windows-x86_64-new-TK, r-release-macos-arm64, r-release-macos-x86_64, r-oldrel-macos-x86_64