CRAN Package Check Results for Package FishResp

Last updated on 2022-01-25 19:50:31 CET.

Flavor Version Tinstall Tcheck Ttotal Status Flags
r-devel-linux-x86_64-debian-clang 1.1.0 18.30 121.20 139.50 OK
r-devel-linux-x86_64-debian-gcc 1.1.0 17.56 96.82 114.38 OK
r-devel-linux-x86_64-fedora-clang 1.1.0 168.23 NOTE
r-devel-linux-x86_64-fedora-gcc 1.1.0 155.66 OK
r-devel-windows-x86_64-new-UL 1.1.0 90.00 139.00 229.00 NOTE
r-devel-windows-x86_64-new-TK 1.1.0 OK
r-patched-linux-x86_64 1.1.0 24.19 112.49 136.68 OK
r-release-linux-x86_64 1.1.0 14.32 113.13 127.45 OK
r-release-macos-arm64 1.1.0 NOTE
r-release-macos-x86_64 1.1.0 NOTE
r-release-windows-ix86+x86_64 1.1.0 34.00 124.00 158.00 NOTE
r-oldrel-macos-x86_64 1.1.0 NOTE
r-oldrel-windows-ix86+x86_64 1.1.0 35.00 122.00 157.00 NOTE

Check Details

Version: 1.1.0
Check: installed package size
Result: NOTE
     installed size is 5.6Mb
     sub-directories of 1Mb or more:
     data 1.4Mb
     extdata 3.8Mb
Flavors: r-devel-linux-x86_64-fedora-clang, r-devel-windows-x86_64-new-UL, r-release-macos-arm64, r-release-macos-x86_64, r-release-windows-ix86+x86_64, r-oldrel-macos-x86_64, r-oldrel-windows-ix86+x86_64