CRAN Package Check Results for Package FitUltD

Last updated on 2021-12-03 19:50:10 CET.

Flavor Version Tinstall Tcheck Ttotal Status Flags
r-devel-linux-x86_64-debian-clang 3.1.0 8.38 91.67 100.05 NOTE
r-devel-linux-x86_64-debian-gcc 3.1.0 7.13 67.96 75.09 NOTE
r-devel-linux-x86_64-fedora-clang 3.1.0 127.60 NOTE
r-devel-linux-x86_64-fedora-gcc 3.1.0 117.25 NOTE
r-devel-windows-x86_64-new-UL 3.1.0 16.00 126.00 142.00 NOTE
r-devel-windows-x86_64-new-TK 3.1.0 NOTE
r-devel-windows-x86_64-old 3.1.0 14.00 82.00 96.00 NOTE
r-patched-linux-x86_64 3.1.0 9.55 83.39 92.94 NOTE
r-release-linux-x86_64 3.1.0 7.04 84.15 91.19 NOTE
r-release-macos-arm64 3.1.0 NOTE
r-release-macos-x86_64 3.1.0 NOTE
r-release-windows-ix86+x86_64 3.1.0 23.00 108.00 131.00 NOTE
r-oldrel-macos-x86_64 3.1.0 OK
r-oldrel-windows-ix86+x86_64 3.1.0 23.00 111.00 134.00 OK

Check Details

Version: 3.1.0
Check: LazyData
Result: NOTE
     'LazyData' is specified without a 'data' directory
Flavors: r-devel-linux-x86_64-debian-clang, r-devel-linux-x86_64-debian-gcc, r-devel-linux-x86_64-fedora-clang, r-devel-linux-x86_64-fedora-gcc, r-devel-windows-x86_64-new-UL, r-devel-windows-x86_64-new-TK, r-devel-windows-x86_64-old, r-patched-linux-x86_64, r-release-linux-x86_64, r-release-macos-arm64, r-release-macos-x86_64, r-release-windows-ix86+x86_64