Last updated on 2023-12-10 19:49:11 CET.
Flavor | Version | Tinstall | Tcheck | Ttotal | Status | Flags |
---|---|---|---|---|---|---|
r-devel-linux-x86_64-debian-clang | 0.7.2 | 9.49 | 80.53 | 90.02 | NOTE | |
r-devel-linux-x86_64-debian-gcc | 0.7.2 | 8.01 | 61.22 | 69.23 | NOTE | |
r-devel-linux-x86_64-fedora-clang | 0.7.2 | 111.75 | NOTE | |||
r-devel-linux-x86_64-fedora-gcc | 0.7.2 | 107.69 | NOTE | |||
r-devel-windows-x86_64 | 0.7.2 | 9.00 | 75.00 | 84.00 | NOTE | |
r-patched-linux-x86_64 | 0.7.2 | 11.64 | 79.79 | 91.43 | NOTE | |
r-release-linux-x86_64 | 0.7.2 | 10.62 | 78.33 | 88.95 | NOTE | |
r-release-macos-arm64 | 0.7.2 | 40.00 | NOTE | |||
r-release-macos-x86_64 | 0.7.2 | 60.00 | NOTE | |||
r-release-windows-x86_64 | 0.7.2 | 11.00 | 88.00 | 99.00 | NOTE | |
r-oldrel-macos-arm64 | 0.7.2 | 29.00 | NOTE | |||
r-oldrel-macos-x86_64 | 0.7.2 | 48.00 | NOTE | |||
r-oldrel-windows-x86_64 | 0.7.2 | 11.00 | 95.00 | 106.00 | NOTE |
Version: 0.7.2
Check: LazyData
Result: NOTE
'LazyData' is specified without a 'data' directory
Flavors: r-devel-linux-x86_64-debian-clang, r-devel-linux-x86_64-debian-gcc, r-devel-linux-x86_64-fedora-clang, r-devel-linux-x86_64-fedora-gcc, r-devel-windows-x86_64, r-patched-linux-x86_64, r-release-linux-x86_64, r-release-macos-arm64, r-release-macos-x86_64, r-release-windows-x86_64, r-oldrel-macos-arm64, r-oldrel-macos-x86_64, r-oldrel-windows-x86_64