CRAN Package Check Results for Package FlickrAPI

Last updated on 2021-12-06 19:50:38 CET.

Flavor Version Tinstall Tcheck Ttotal Status Flags
r-devel-linux-x86_64-debian-clang 0.1.0.0 2.87 38.48 41.35 NOTE
r-devel-linux-x86_64-debian-gcc 0.1.0.0 2.32 30.50 32.82 NOTE
r-devel-linux-x86_64-fedora-clang 0.1.0.0 51.09 NOTE
r-devel-linux-x86_64-fedora-gcc 0.1.0.0 40.60 NOTE
r-devel-windows-x86_64-new-UL 0.1.0.0 7.00 69.00 76.00 NOTE
r-devel-windows-x86_64-new-TK 0.1.0.0 NOTE
r-devel-windows-x86_64-old 0.1.0.0 6.00 38.00 44.00 NOTE
r-patched-linux-x86_64 0.1.0.0 2.65 28.67 31.32 NOTE
r-release-linux-x86_64 0.1.0.0 2.79 36.28 39.07 NOTE
r-release-macos-arm64 0.1.0.0 NOTE
r-release-macos-x86_64 0.1.0.0 NOTE
r-release-windows-ix86+x86_64 0.1.0.0 7.00 48.00 55.00 NOTE
r-oldrel-macos-x86_64 0.1.0.0 NOTE
r-oldrel-windows-ix86+x86_64 0.1.0.0 7.00 51.00 58.00 NOTE

Check Details

Version: 0.1.0.0
Check: LazyData
Result: NOTE
     'LazyData' is specified without a 'data' directory
Flavors: r-devel-linux-x86_64-debian-clang, r-devel-linux-x86_64-debian-gcc, r-devel-linux-x86_64-fedora-clang, r-devel-linux-x86_64-fedora-gcc, r-devel-windows-x86_64-new-UL, r-devel-windows-x86_64-new-TK, r-devel-windows-x86_64-old, r-patched-linux-x86_64, r-release-linux-x86_64, r-release-macos-arm64, r-release-macos-x86_64, r-release-windows-ix86+x86_64

Version: 0.1.0.0
Check: package vignettes
Result: NOTE
    Package vignette with placeholder title 'Vignette Title':
     'introduction.Rmd'
Flavors: r-devel-linux-x86_64-debian-clang, r-devel-linux-x86_64-debian-gcc, r-devel-windows-x86_64-new-UL, r-devel-windows-x86_64-old, r-patched-linux-x86_64, r-release-linux-x86_64, r-release-windows-ix86+x86_64, r-oldrel-windows-ix86+x86_64

Version: 0.1.0.0
Check: dependencies in R code
Result: NOTE
    Namespace in Imports field not imported from: ‘magrittr’
     All declared Imports should be used.
Flavors: r-devel-linux-x86_64-fedora-clang, r-devel-linux-x86_64-fedora-gcc, r-devel-windows-x86_64-new-TK, r-release-macos-arm64, r-release-macos-x86_64, r-oldrel-macos-x86_64