Last updated on 2023-09-24 22:07:58 CEST.
Flavor | Version | Tinstall | Tcheck | Ttotal | Status | Flags |
---|---|---|---|---|---|---|
r-devel-linux-x86_64-debian-clang | 1.2.6 | 4.74 | 59.00 | 63.74 | OK | |
r-devel-linux-x86_64-debian-gcc | 1.2.6 | 4.60 | 44.23 | 48.83 | OK | |
r-devel-linux-x86_64-fedora-clang | 1.2.6 | 82.23 | NOTE | |||
r-devel-linux-x86_64-fedora-gcc | 1.2.6 | 80.20 | OK | |||
r-devel-windows-x86_64 | 1.2.6 | 6.00 | 73.00 | 79.00 | OK | |
r-patched-linux-x86_64 | 1.2.6 | 7.31 | 58.21 | 65.52 | OK | |
r-release-linux-x86_64 | 1.2.6 | 6.64 | 58.28 | 64.92 | OK | |
r-release-macos-arm64 | 1.2.6 | 26.00 | OK | |||
r-release-macos-x86_64 | 1.2.6 | 48.00 | OK | |||
r-release-windows-x86_64 | 1.2.6 | 9.00 | 81.00 | 90.00 | OK | |
r-oldrel-macos-arm64 | 1.2.6 | 27.00 | OK | |||
r-oldrel-macos-x86_64 | 1.2.6 | 35.00 | OK | |||
r-oldrel-windows-x86_64 | 1.2.6 | 10.00 | 73.00 | 83.00 | OK |
Version: 1.2.6
Check: Rd cross-references
Result: NOTE
Undeclared package ‘Kendall’ in Rd xrefs
Flavor: r-devel-linux-x86_64-fedora-clang