CRAN Package Check Results for Package FlyingR

Last updated on 2024-02-28 19:49:35 CET.

Flavor Version Tinstall Tcheck Ttotal Status Flags
r-devel-linux-x86_64-debian-clang 0.2.2 43.72 68.62 112.34 OK
r-devel-linux-x86_64-debian-gcc 0.2.2 30.02 50.85 80.87 OK
r-devel-linux-x86_64-fedora-clang 0.2.2 170.21 NOTE
r-devel-linux-x86_64-fedora-gcc 0.2.2 158.38 NOTE
r-devel-windows-x86_64 0.2.2 36.00 89.00 125.00 OK
r-patched-linux-x86_64 0.2.2 30.20 68.07 98.27 OK
r-release-linux-x86_64 0.2.2 32.92 67.68 100.60 OK
r-release-macos-arm64 0.2.2 48.00 OK
r-release-macos-x86_64 0.2.2 81.00 OK
r-release-windows-x86_64 0.2.2 46.00 101.00 147.00 OK
r-oldrel-macos-arm64 0.2.2 45.00 NOTE
r-oldrel-windows-x86_64 0.2.2 44.00 103.00 147.00 OK

Check Details

Version: 0.2.2
Check: dependencies in R code
Result: NOTE Namespaces in Imports field not imported from: ‘kableExtra’ ‘knitr’ ‘rmarkdown’ All declared Imports should be used. Flavors: r-devel-linux-x86_64-fedora-clang, r-devel-linux-x86_64-fedora-gcc, r-oldrel-macos-arm64