CRAN Package Check Results for Package ForestTools

Last updated on 2021-03-06 19:49:19 CET.

Flavor Version Tinstall Tcheck Ttotal Status Flags
r-devel-linux-x86_64-debian-clang 0.2.1 4.54 396.91 401.45 OK
r-devel-linux-x86_64-debian-gcc 0.2.1 3.90 254.51 258.41 OK
r-devel-linux-x86_64-fedora-clang 0.2.1 424.72 NOTE
r-devel-linux-x86_64-fedora-gcc 0.2.1 437.46 NOTE
r-devel-windows-ix86+x86_64 0.2.1 10.00 424.00 434.00 OK
r-patched-linux-x86_64 0.2.1 OK
r-patched-solaris-x86 0.2.1 473.20 NOTE
r-release-linux-x86_64 0.2.1 5.31 352.59 357.90 OK
r-release-macos-x86_64 0.2.1 NOTE
r-release-windows-ix86+x86_64 0.2.1 8.00 316.00 324.00 OK
r-oldrel-macos-x86_64 0.2.1 NOTE
r-oldrel-windows-ix86+x86_64 0.2.1 6.00 304.00 310.00 OK

Check Details

Version: 0.2.1
Check: dependencies in R code
Result: NOTE
    Namespace in Imports field not imported from: ‘methods’
     All declared Imports should be used.
Flavors: r-devel-linux-x86_64-fedora-clang, r-devel-linux-x86_64-fedora-gcc, r-patched-solaris-x86, r-release-macos-x86_64, r-oldrel-macos-x86_64