CRAN Package Check Results for Package FourWayHMM

Last updated on 2024-02-22 19:55:32 CET.

Flavor Version Tinstall Tcheck Ttotal Status Flags
r-devel-linux-x86_64-debian-clang 1.0.0 OK
r-devel-linux-x86_64-debian-gcc 1.0.0 2.99 22.73 25.72 OK
r-devel-linux-x86_64-fedora-clang 1.0.0 41.78 NOTE
r-devel-linux-x86_64-fedora-gcc 1.0.0 39.44 NOTE
r-devel-windows-x86_64 1.0.0 4.00 45.00 49.00 OK
r-patched-linux-x86_64 1.0.0 2.42 29.71 32.13 OK
r-release-linux-x86_64 1.0.0 2.41 29.72 32.13 OK
r-release-macos-arm64 1.0.0 20.00 OK
r-release-macos-x86_64 1.0.0 25.00 OK
r-release-windows-x86_64 1.0.0 5.00 47.00 52.00 OK
r-oldrel-macos-arm64 1.0.0 19.00 NOTE
r-oldrel-windows-x86_64 1.0.0 6.00 50.00 56.00 OK

Check Details

Version: 1.0.0
Check: dependencies in R code
Result: NOTE Namespace in Imports field not imported from: ‘LaplacesDemon’ All declared Imports should be used. Flavors: r-devel-linux-x86_64-fedora-clang, r-devel-linux-x86_64-fedora-gcc, r-oldrel-macos-arm64