CRAN Package Check Results for Package FracKrigingR

Last updated on 2024-02-27 19:54:38 CET.

Flavor Version Tinstall Tcheck Ttotal Status Flags
r-devel-linux-x86_64-debian-clang 1.0.0 2.31 34.97 37.28 OK
r-devel-linux-x86_64-debian-gcc 1.0.0 1.58 24.98 26.56 OK
r-devel-linux-x86_64-fedora-clang 1.0.0 47.27 NOTE
r-devel-linux-x86_64-fedora-gcc 1.0.0 42.43 NOTE
r-devel-windows-x86_64 1.0.0 3.00 46.00 49.00 OK
r-patched-linux-x86_64 1.0.0 2.36 33.94 36.30 OK
r-release-linux-x86_64 1.0.0 2.19 33.32 35.51 OK
r-release-macos-arm64 1.0.0 18.00 OK
r-release-macos-x86_64 1.0.0 23.00 OK
r-release-windows-x86_64 1.0.0 3.00 49.00 52.00 OK
r-oldrel-macos-arm64 1.0.0 19.00 OK
r-oldrel-windows-x86_64 1.0.0 3.00 52.00 55.00 OK

Check Details

Version: 1.0.0
Check: dependencies in R code
Result: NOTE Namespace in Imports field not imported from: ‘psych’ All declared Imports should be used. Flavors: r-devel-linux-x86_64-fedora-clang, r-devel-linux-x86_64-fedora-gcc