CRAN Package Check Results for Package FracKrigingR

Last updated on 2023-02-07 19:58:09 CET.

Flavor Version Tinstall Tcheck Ttotal Status Flags
r-devel-linux-x86_64-debian-clang 1.0.0 2.34 37.24 39.58 OK
r-devel-linux-x86_64-debian-gcc 1.0.0 1.75 25.61 27.36 OK
r-devel-linux-x86_64-fedora-clang 1.0.0 51.05 NOTE
r-devel-linux-x86_64-fedora-gcc 1.0.0 44.38 NOTE
r-devel-windows-x86_64 1.0.0 8.00 70.00 78.00 OK
r-patched-linux-x86_64 1.0.0 1.46 34.04 35.50 OK
r-release-linux-x86_64 1.0.0 2.22 35.44 37.66 OK
r-release-macos-arm64 1.0.0 19.00 NOTE
r-release-macos-x86_64 1.0.0 24.00 NOTE
r-release-windows-x86_64 1.0.0 7.00 63.00 70.00 OK
r-oldrel-macos-arm64 1.0.0 21.00 NOTE
r-oldrel-macos-x86_64 1.0.0 24.00 NOTE
r-oldrel-windows-ix86+x86_64 1.0.0 6.00 65.00 71.00 OK

Check Details

Version: 1.0.0
Check: dependencies in R code
Result: NOTE
    Namespace in Imports field not imported from: ‘psych’
     All declared Imports should be used.
Flavors: r-devel-linux-x86_64-fedora-clang, r-devel-linux-x86_64-fedora-gcc, r-release-macos-arm64, r-release-macos-x86_64, r-oldrel-macos-arm64, r-oldrel-macos-x86_64