CRAN Package Check Results for Package FreeSortR

Last updated on 2024-06-13 21:49:14 CEST.

Flavor Version Tinstall Tcheck Ttotal Status Flags
r-devel-linux-x86_64-debian-clang 1.3 18.80 149.68 168.48 OK
r-devel-linux-x86_64-debian-gcc 1.3 0.37 1.77 2.14 ERROR
r-devel-linux-x86_64-fedora-clang 1.3 203.39 OK
r-devel-linux-x86_64-fedora-gcc 1.3 193.52 OK
r-devel-windows-x86_64 1.3 18.00 121.00 139.00 OK
r-patched-linux-x86_64 1.3 21.12 139.02 160.14 OK
r-release-linux-x86_64 1.3 15.42 136.47 151.89 OK
r-release-macos-arm64 1.3 55.00 OK
r-release-macos-x86_64 1.3 80.00 OK
r-release-windows-x86_64 1.3 17.00 79.00 96.00 FAIL
r-oldrel-macos-arm64 1.3 59.00 OK
r-oldrel-macos-x86_64 1.3 95.00 OK
r-oldrel-windows-x86_64 1.3 25.00 152.00 177.00 OK

Check Details

Version: 1.3
Check: package dependencies
Result: ERROR Package required but not available: ‘smacof’ See section ‘The DESCRIPTION file’ in the ‘Writing R Extensions’ manual. Flavor: r-devel-linux-x86_64-debian-gcc

Version: 1.3
Check: S3 generic/method consistency
Result: WARN Error: unable to load shared object 'D:/RCompile/CRANpkg/lib/4.4/lme4/libs/x64/lme4.dll': LoadLibrary failure: Die Auslagerungsdatei ist zu klein, um diesen Vorgang durchzuführen. Call sequence: 18: inDL(x, as.logical(local), as.logical(now), ...) 17: dyn.load(file, DLLpath = DLLpath, ...) 16: library.dynam(lib, package, package.lib) 15: loadNamespace(i, c(lib.loc, .libPaths()), versionCheck = vI[[i]]) 14: namespaceImport(ns, loadNamespace(i, c(lib.loc, .libPaths()), versionCheck = vI[[i]]), from = package) 13: loadNamespace(i, c(lib.loc, .libPaths()), versionCheck = vI[[i]]) 12: namespaceImport(ns, loadNamespace(i, c(lib.loc, .libPaths()), versionCheck = vI[[i]]), from = package) 11: loadNamespace(j <- i[[1L]], c(lib.loc, .libPaths()), versionCheck = vI[[j]]) 10: asNamespace(ns) 9: namespaceImportFrom(ns, loadNamespace(j <- i[[1L]], c(lib.loc, .libPaths()), versionCheck = vI[[j]]), i[[2L]], from = package) 8: loadNamespace(j <- i[[1L]], c(lib.loc, .libPa Execution halted See section 'Generic functions and methods' in the 'Writing R Extensions' manual. Flavor: r-release-windows-x86_64

Version: 1.3
Check: replacement functions
Result: WARN Error: .onLoad failed in loadNamespace() for 'methods', details: call: NULL error: cannot allocate vector of size 324 Kb Call sequence: 4: stop(gettextf("%s failed in %s() for '%s', details:\n call: %s\n error: %s", hookname, "loadNamespace", pkgname, deparse(conditionCall(res))[1L], conditionMessage(res)), call. = FALSE, domain = NA) 3: runHook(".onLoad", env, package.lib, package) 2: loadNamespace("methods") 1: loadNamespace(package, lib.loc) Execution halted The argument of a replacement function which corresponds to the right hand side must be named 'value'. Flavor: r-release-windows-x86_64

Version: 1.3
Check: for code/documentation mismatches
Result: FAIL
Flavor: r-release-windows-x86_64