CRAN Package Check Results for Package GCSM

Last updated on 2024-02-27 19:54:38 CET.

Flavor Version Tinstall Tcheck Ttotal Status Flags
r-devel-linux-x86_64-debian-clang 0.1.1 111.72 31.05 142.77 NOTE
r-devel-linux-x86_64-debian-gcc 0.1.1 87.42 23.47 110.89 NOTE
r-devel-linux-x86_64-fedora-clang 0.1.1 211.62 NOTE
r-devel-linux-x86_64-fedora-gcc 0.1.1 210.63 NOTE
r-devel-windows-x86_64 0.1.1 79.00 65.00 144.00 NOTE
r-patched-linux-x86_64 0.1.1 101.19 30.23 131.42 NOTE
r-release-linux-x86_64 0.1.1 113.54 30.10 143.64 NOTE
r-release-macos-arm64 0.1.1 50.00 NOTE
r-release-macos-x86_64 0.1.1 85.00 NOTE
r-release-windows-x86_64 0.1.1 104.00 73.00 177.00 NOTE
r-oldrel-macos-arm64 0.1.1 45.00 OK
r-oldrel-windows-x86_64 0.1.1 99.00 71.00 170.00 OK

Check Details

Version: 0.1.1
Check: C++ specification
Result: NOTE Specified C++11: please drop specification unless essential Flavors: r-devel-linux-x86_64-debian-clang, r-devel-linux-x86_64-debian-gcc, r-devel-linux-x86_64-fedora-clang, r-devel-linux-x86_64-fedora-gcc, r-devel-windows-x86_64, r-patched-linux-x86_64, r-release-linux-x86_64, r-release-macos-arm64, r-release-macos-x86_64, r-release-windows-x86_64