CRAN Package Check Results for Package GEInter

Last updated on 2021-11-28 19:48:52 CET.

Flavor Version Tinstall Tcheck Ttotal Status Flags
r-devel-linux-x86_64-debian-clang 0.3.1 OK
r-devel-linux-x86_64-debian-gcc 0.3.1 9.49 76.97 86.46 OK
r-devel-linux-x86_64-fedora-clang 0.3.1 150.69 NOTE
r-devel-linux-x86_64-fedora-gcc 0.3.1 134.51 NOTE
r-devel-windows-x86_64-new-UL 0.3.1 24.00 145.00 169.00 OK
r-devel-windows-x86_64-new-TK 0.3.1 NOTE
r-devel-windows-x86_64-old 0.3.1 16.00 111.00 127.00 OK
r-patched-linux-x86_64 0.3.1 13.14 98.01 111.15 OK
r-patched-solaris-x86 0.3.1 179.00 NOTE
r-release-linux-x86_64 0.3.1 11.46 96.70 108.16 OK
r-release-macos-arm64 0.3.1 NOTE
r-release-macos-x86_64 0.3.1 NOTE
r-release-windows-ix86+x86_64 0.3.1 25.00 130.00 155.00 OK
r-oldrel-macos-x86_64 0.3.1 NOTE
r-oldrel-windows-ix86+x86_64 0.3.1 27.00 129.00 156.00 OK

Check Details

Version: 0.3.1
Check: dependencies in R code
Result: NOTE
    Namespace in Imports field not imported from: ‘survAUC’
     All declared Imports should be used.
Flavors: r-devel-linux-x86_64-fedora-clang, r-devel-linux-x86_64-fedora-gcc, r-devel-windows-x86_64-new-TK, r-patched-solaris-x86, r-release-macos-arm64, r-release-macos-x86_64, r-oldrel-macos-x86_64