CRAN Package Check Results for Package GENEAread

Last updated on 2021-12-02 20:51:29 CET.

Flavor Version Tinstall Tcheck Ttotal Status Flags
r-devel-linux-x86_64-debian-clang 2.0.9 5.42 39.26 44.68 NOTE
r-devel-linux-x86_64-debian-gcc 2.0.9 5.26 30.10 35.36 NOTE
r-devel-linux-x86_64-fedora-clang 2.0.9 68.61 NOTE
r-devel-linux-x86_64-fedora-gcc 2.0.9 55.28 NOTE
r-devel-windows-x86_64-new-UL 2.0.9 15.00 73.00 88.00 NOTE
r-devel-windows-x86_64-new-TK 2.0.9 NOTE
r-devel-windows-x86_64-old 2.0.9 10.00 45.00 55.00 NOTE
r-patched-linux-x86_64 2.0.9 6.22 38.24 44.46 NOTE
r-patched-solaris-x86 2.0.9 74.20 NOTE
r-release-linux-x86_64 2.0.9 6.44 38.21 44.65 NOTE
r-release-macos-arm64 2.0.9 NOTE
r-release-macos-x86_64 2.0.9 NOTE
r-release-windows-ix86+x86_64 2.0.9 11.00 59.00 70.00 NOTE
r-oldrel-macos-x86_64 2.0.9 OK
r-oldrel-windows-ix86+x86_64 2.0.9 29.00 53.00 82.00 OK

Check Details

Version: 2.0.9
Check: LazyData
Result: NOTE
     'LazyData' is specified without a 'data' directory
Flavors: r-devel-linux-x86_64-debian-clang, r-devel-linux-x86_64-debian-gcc, r-devel-linux-x86_64-fedora-clang, r-devel-linux-x86_64-fedora-gcc, r-devel-windows-x86_64-new-UL, r-devel-windows-x86_64-new-TK, r-devel-windows-x86_64-old, r-patched-linux-x86_64, r-patched-solaris-x86, r-release-linux-x86_64, r-release-macos-arm64, r-release-macos-x86_64, r-release-windows-ix86+x86_64