CRAN Package Check Results for Package GGClassification

Last updated on 2021-05-05 22:51:35 CEST.

Flavor Version Tinstall Tcheck Ttotal Status Flags
r-devel-linux-x86_64-debian-clang 0.1 58.27 25.23 83.50 OK
r-devel-linux-x86_64-debian-gcc 0.1 34.95 20.63 55.58 OK
r-devel-linux-x86_64-fedora-clang 0.1 122.34 NOTE
r-devel-linux-x86_64-fedora-gcc 0.1 98.02 OK
r-devel-windows-ix86+x86_64 0.1 82.00 67.00 149.00 OK
r-devel-windows-x86_64-gcc10-UCRT 0.1 OK
r-patched-linux-x86_64 0.1 41.03 25.65 66.68 OK
r-patched-solaris-x86 0.1 102.40 OK
r-release-linux-x86_64 0.1 40.17 25.27 65.44 OK
r-release-macos-x86_64 0.1 NOTE
r-release-windows-ix86+x86_64 0.1 97.00 54.00 151.00 OK
r-oldrel-macos-x86_64 0.1 NOTE
r-oldrel-windows-ix86+x86_64 0.1 107.00 5.00 112.00 ERROR

Check Details

Version: 0.1
Check: installed package size
Result: NOTE
     installed size is 7.9Mb
     sub-directories of 1Mb or more:
     libs 7.8Mb
Flavors: r-devel-linux-x86_64-fedora-clang, r-release-macos-x86_64, r-oldrel-macos-x86_64

Version: 0.1
Check: whether package can be installed
Result: ERROR
    Installation failed.
    See *
Flavor: r-oldrel-windows-ix86+x86_64