CRAN Package Check Results for Package GGIR

Last updated on 2022-12-03 19:52:51 CET.

Flavor Version Tinstall Tcheck Ttotal Status Flags
r-devel-linux-x86_64-debian-clang 2.8-2 26.44 240.99 267.43 OK
r-devel-linux-x86_64-debian-gcc 2.8-2 23.33 175.26 198.59 OK
r-devel-linux-x86_64-fedora-clang 2.8-2 341.19 NOTE
r-devel-linux-x86_64-fedora-gcc 2.8-2 334.47 OK
r-devel-windows-x86_64 2.8-2 84.00 309.00 393.00 NOTE
r-patched-linux-x86_64 2.8-2 33.41 224.03 257.44 OK
r-release-linux-x86_64 2.8-2 32.10 222.84 254.94 OK
r-release-macos-arm64 2.8-2 96.00 NOTE
r-release-macos-x86_64 2.8-2 124.00 NOTE
r-release-windows-x86_64 2.8-2 69.00 316.00 385.00 NOTE
r-oldrel-macos-arm64 2.8-2 101.00 NOTE
r-oldrel-macos-x86_64 2.8-2 127.00 NOTE
r-oldrel-windows-ix86+x86_64 2.8-2 52.00 296.00 348.00 NOTE

Check Details

Version: 2.8-2
Check: installed package size
Result: NOTE
     installed size is 8.1Mb
     sub-directories of 1Mb or more:
     doc 5.8Mb
Flavors: r-devel-linux-x86_64-fedora-clang, r-devel-windows-x86_64, r-release-macos-arm64, r-release-macos-x86_64, r-release-windows-x86_64, r-oldrel-macos-arm64, r-oldrel-macos-x86_64, r-oldrel-windows-ix86+x86_64