CRAN Package Check Results for Package GGIR

Last updated on 2022-01-24 20:17:50 CET.

Flavor Version Tinstall Tcheck Ttotal Status Flags
r-devel-linux-x86_64-debian-clang 2.5-0 48.30 188.10 236.40 OK
r-devel-linux-x86_64-debian-gcc 2.5-0 39.42 137.73 177.15 OK
r-devel-linux-x86_64-fedora-clang 2.5-0 303.19 NOTE
r-devel-linux-x86_64-fedora-gcc 2.5-0 290.50 OK
r-devel-windows-x86_64-new-UL 2.5-0 119.00 264.00 383.00 NOTE
r-devel-windows-x86_64-new-TK 2.5-0 OK
r-patched-linux-x86_64 2.5-0 48.23 182.02 230.25 OK
r-release-linux-x86_64 2.5-0 44.61 181.98 226.59 OK
r-release-macos-arm64 2.5-0 NOTE
r-release-macos-x86_64 2.5-0 NOTE
r-release-windows-ix86+x86_64 2.5-0 107.00 330.00 437.00 NOTE
r-oldrel-macos-x86_64 2.5-0 NOTE
r-oldrel-windows-ix86+x86_64 2.5-0 103.00 327.00 430.00 NOTE

Check Details

Version: 2.5-0
Check: installed package size
Result: NOTE
     installed size is 6.4Mb
     sub-directories of 1Mb or more:
     doc 3.1Mb
Flavors: r-devel-linux-x86_64-fedora-clang, r-devel-windows-x86_64-new-UL, r-release-macos-arm64, r-release-macos-x86_64, r-release-windows-ix86+x86_64, r-oldrel-macos-x86_64, r-oldrel-windows-ix86+x86_64