CRAN Package Check Results for Package GLDreg

Last updated on 2023-02-07 19:58:11 CET.

Flavor Version Tinstall Tcheck Ttotal Status Flags
r-devel-linux-x86_64-debian-clang 1.1.0 5.97 60.15 66.12 NOTE
r-devel-linux-x86_64-debian-gcc 1.1.0 3.06 44.25 47.31 NOTE
r-devel-linux-x86_64-fedora-clang 1.1.0 80.83 NOTE
r-devel-linux-x86_64-fedora-gcc 1.1.0 85.84 NOTE
r-devel-windows-x86_64 1.1.0 15.00 97.00 112.00 OK
r-patched-linux-x86_64 1.1.0 8.11 57.18 65.29 NOTE
r-release-linux-x86_64 1.1.0 4.98 58.41 63.39 NOTE
r-release-macos-arm64 1.1.0 29.00 OK
r-release-macos-x86_64 1.1.0 40.00 OK
r-release-windows-x86_64 1.1.0 17.00 104.00 121.00 OK
r-oldrel-macos-arm64 1.1.0 30.00 OK
r-oldrel-macos-x86_64 1.1.0 36.00 OK
r-oldrel-windows-ix86+x86_64 1.1.0 11.00 94.00 105.00 OK

Check Details

Version: 1.1.0
Check: package dependencies
Result: NOTE
    Package suggested but not available for checking: ‘mlr3proba’
Flavors: r-devel-linux-x86_64-debian-clang, r-devel-linux-x86_64-debian-gcc, r-devel-linux-x86_64-fedora-clang, r-devel-linux-x86_64-fedora-gcc, r-patched-linux-x86_64, r-release-linux-x86_64