CRAN Package Check Results for Package GLMaSPU

Last updated on 2021-11-29 19:51:30 CET.

Flavor Version Tinstall Tcheck Ttotal Status Flags
r-devel-linux-x86_64-debian-clang 1.0 30.54 30.53 61.07 OK
r-devel-linux-x86_64-debian-gcc 1.0 22.63 24.50 47.13 OK
r-devel-linux-x86_64-fedora-clang 1.0 99.61 NOTE
r-devel-linux-x86_64-fedora-gcc 1.0 81.01 NOTE
r-devel-windows-x86_64-new-UL 1.0 42.00 87.00 129.00 OK
r-devel-windows-x86_64-new-TK 1.0 OK
r-devel-windows-x86_64-old 1.0 42.00 45.00 87.00 OK
r-patched-linux-x86_64 1.0 28.53 29.74 58.27 OK
r-patched-solaris-x86 1.0 93.20 OK
r-release-linux-x86_64 1.0 30.28 30.25 60.53 OK
r-release-macos-arm64 1.0 OK
r-release-macos-x86_64 1.0 OK
r-release-windows-ix86+x86_64 1.0 78.00 54.00 132.00 OK
r-oldrel-macos-x86_64 1.0 OK
r-oldrel-windows-ix86+x86_64 1.0 61.00 60.00 121.00 OK

Check Details

Version: 1.0
Check: compiled code
Result: NOTE
    File ‘GLMaSPU/libs/GLMaSPU.so’:
     Found no calls to: ‘R_registerRoutines’, ‘R_useDynamicSymbols’
    
    It is good practice to register native routines and to disable symbol
    search.
    
    See ‘Writing portable packages’ in the ‘Writing R Extensions’ manual.
Flavors: r-devel-linux-x86_64-fedora-clang, r-devel-linux-x86_64-fedora-gcc