CRAN Package Check Results for Package GLMpack

Last updated on 2024-03-01 19:49:00 CET.

Flavor Version Tinstall Tcheck Ttotal Status Flags
r-devel-linux-x86_64-debian-clang 0.1.0 2.84 39.08 41.92 OK
r-devel-linux-x86_64-debian-gcc 0.1.0 2.22 29.42 31.64 OK
r-devel-linux-x86_64-fedora-clang 0.1.0 51.08 NOTE
r-devel-linux-x86_64-fedora-gcc 0.1.0 51.83 NOTE
r-devel-windows-x86_64 0.1.0 4.00 56.00 60.00 OK
r-patched-linux-x86_64 0.1.0 2.75 38.40 41.15 OK
r-release-linux-x86_64 0.1.0 2.65 38.70 41.35 OK
r-release-macos-arm64 0.1.0 24.00 OK
r-release-macos-x86_64 0.1.0 29.00 OK
r-release-windows-x86_64 0.1.0 5.00 59.00 64.00 OK
r-oldrel-macos-arm64 0.1.0 21.00 NOTE
r-oldrel-windows-x86_64 0.1.0 5.00 61.00 66.00 OK

Check Details

Version: 0.1.0
Check: dependencies in R code
Result: NOTE Namespaces in Imports field not imported from: ‘AER’ ‘MASS’ ‘Matrix’ ‘censReg’ ‘effects’ ‘foreign’ ‘lme4’ ‘lmtest’ ‘nnet’ ‘pBrackets’ ‘plm’ ‘pscl’ ‘sandwich’ All declared Imports should be used. Flavors: r-devel-linux-x86_64-fedora-clang, r-devel-linux-x86_64-fedora-gcc, r-oldrel-macos-arm64