CRAN Package Check Results for Package GPArotation

Last updated on 2022-01-17 19:49:36 CET.

Flavor Version Tinstall Tcheck Ttotal Status Flags
r-devel-linux-x86_64-debian-clang 2014.11-1 2.28 50.52 52.80 NOTE
r-devel-linux-x86_64-debian-gcc 2014.11-1 2.24 38.64 40.88 NOTE
r-devel-linux-x86_64-fedora-clang 2014.11-1 65.05 NOTE
r-devel-linux-x86_64-fedora-gcc 2014.11-1 416.02 NOTE
r-devel-windows-x86_64-new-UL 2014.11-1 54.00 79.00 133.00 NOTE
r-devel-windows-x86_64-new-TK 2014.11-1 NOTE
r-patched-linux-x86_64 2014.11-1 2.30 48.44 50.74 NOTE
r-release-linux-x86_64 2014.11-1 NOTE
r-release-macos-arm64 2014.11-1 NOTE
r-release-macos-x86_64 2014.11-1 NOTE
r-release-windows-ix86+x86_64 2014.11-1 6.00 61.00 67.00 NOTE
r-oldrel-macos-x86_64 2014.11-1 NOTE
r-oldrel-windows-ix86+x86_64 2014.11-1 5.00 59.00 64.00 NOTE

Check Details

Version: 2014.11-1
Check: R code for possible problems
Result: NOTE
    Random.Start: no visible global function definition for 'rnorm'
    Undefined global functions or variables:
     rnorm
    Consider adding
     importFrom("stats", "rnorm")
    to your NAMESPACE file.
Flavors: r-devel-linux-x86_64-debian-clang, r-devel-linux-x86_64-debian-gcc, r-devel-linux-x86_64-fedora-clang, r-devel-linux-x86_64-fedora-gcc, r-devel-windows-x86_64-new-UL, r-devel-windows-x86_64-new-TK, r-patched-linux-x86_64, r-release-linux-x86_64, r-release-macos-arm64, r-release-macos-x86_64, r-release-windows-ix86+x86_64, r-oldrel-macos-x86_64, r-oldrel-windows-ix86+x86_64