CRAN Package Check Results for Package GPBayes

Last updated on 2022-11-30 19:53:29 CET.

Flavor Version Tinstall Tcheck Ttotal Status Flags
r-devel-linux-x86_64-debian-clang 0.1.0-4 222.35 50.43 272.78 OK
r-devel-linux-x86_64-debian-gcc 0.1.0-4 177.93 40.98 218.91 OK
r-devel-linux-x86_64-fedora-clang 0.1.0-4 322.34 OK
r-devel-linux-x86_64-fedora-gcc 0.1.0-4 371.03 OK
r-devel-windows-x86_64 0.1.0-4 134.00 112.00 246.00 OK
r-patched-linux-x86_64 0.1.0-4 175.81 47.55 223.36 OK
r-release-linux-x86_64 0.1.0-4 175.43 47.30 222.73 OK
r-release-macos-arm64 0.1.0-4 87.00 NOTE
r-release-macos-x86_64 0.1.0-4 110.00 NOTE
r-release-windows-x86_64 0.1.0-4 211.00 103.00 314.00 OK
r-oldrel-macos-arm64 0.1.0-4 78.00 NOTE
r-oldrel-macos-x86_64 0.1.0-4 106.00 NOTE
r-oldrel-windows-ix86+x86_64 0.1.0-4 374.00 107.00 481.00 OK

Check Details

Version: 0.1.0-4
Check: installed package size
Result: NOTE
     installed size is 30.1Mb
     sub-directories of 1Mb or more:
     libs 29.6Mb
Flavors: r-release-macos-arm64, r-release-macos-x86_64, r-oldrel-macos-arm64, r-oldrel-macos-x86_64