CRAN Package Check Results for Package GPCERF

Last updated on 2023-01-29 19:54:06 CET.

Flavor Version Tinstall Tcheck Ttotal Status Flags
r-devel-linux-x86_64-debian-clang 0.2.0 38.53 516.12 554.65 OK
r-devel-linux-x86_64-debian-gcc 0.2.0 30.41 318.23 348.64 NOTE
r-devel-linux-x86_64-fedora-clang 0.2.0 622.66 OK
r-devel-linux-x86_64-fedora-gcc 0.2.0 590.45 NOTE
r-devel-windows-x86_64 0.2.0 73.00 690.00 763.00 NOTE
r-patched-linux-x86_64 0.2.0 32.29 424.66 456.95 OK
r-release-linux-x86_64 0.2.0 33.88 407.29 441.17 OK
r-release-macos-arm64 0.2.0 159.00 OK
r-release-macos-x86_64 0.2.0 265.00 OK
r-release-windows-x86_64 0.2.0 75.00 638.00 713.00 OK
r-oldrel-macos-arm64 0.2.0 152.00 OK
r-oldrel-macos-x86_64 0.2.0 256.00 OK
r-oldrel-windows-ix86+x86_64 0.2.0 99.00 933.00 1032.00 ERROR

Check Details

Version: 0.2.0
Check: C++ specification
Result: NOTE
     Specified C++11: please update to current default of C++17
Flavors: r-devel-linux-x86_64-debian-gcc, r-devel-linux-x86_64-fedora-gcc, r-devel-windows-x86_64

Version: 0.2.0
Check: running tests for arch ‘i386’
Result: ERROR
     Running 'testthat.R' [282s]
    Running the tests in 'tests/testthat.R' failed.
    Complete output:
     > library(testthat)
     > library(GPCERF)
     >
     > test_check("GPCERF")
     2023-01-28 00:42:01 CRANWIN 11320 GPCERF train_gps INFO: Started estimating GPS values ...
     Loading required package: nnls
     2023-01-28 00:42:14 CRANWIN 11320 GPCERF train_gps INFO: Started estimating GPS values ...
     2023-01-28 00:42:27 CRANWIN 11320 GPCERF train_gps INFO: Started estimating GPS values ...
     2023-01-28 00:42:47 CRANWIN 11320 GPCERF train_gps INFO: Started estimating GPS values ...
     2023-01-28 00:43:00 CRANWIN 11320 GPCERF train_gps INFO: Started estimating GPS values ...
     2023-01-28 00:43:13 CRANWIN 11320 GPCERF estimate_noise_nn INFO: Working on estimating residual error with nngp ...
     starting worker pid=22952 on localhost:11711 at 00:43:13.689
     2023-01-28 00:43:17 CRANWIN 11320 GPCERF estimate_noise_nn INFO: Done with estimating residual error with nngpWall clock time: 4.01000000000001 s.
     2023-01-28 00:43:17 CRANWIN 11320 GPCERF train_gps INFO: Started estimating GPS values ...
     2023-01-28 00:43:31 CRANWIN 11320 GPCERF train_gps INFO: Started estimating GPS values ...
     2023-01-28 00:43:44 CRANWIN 11320 GPCERF train_gps INFO: Started estimating GPS values ...
     [1] train-rmse:8.182872
     [2] train-rmse:6.426709
     [3] train-rmse:5.238456
     [4] train-rmse:4.417770
     [5] train-rmse:3.714199
     [6] train-rmse:3.199701
     [7] train-rmse:2.772024
     [8] train-rmse:2.431168
     [9] train-rmse:2.193286
     [10] train-rmse:2.022729
     [11] train-rmse:1.872023
     [12] train-rmse:1.722789
     [13] train-rmse:1.519293
     [14] train-rmse:1.434294
     [15] train-rmse:1.353402
     [16] train-rmse:1.253249
     [17] train-rmse:1.206950
     [18] train-rmse:1.163431
     [19] train-rmse:1.050253
     [20] train-rmse:1.023109
     [21] train-rmse:0.952899
     [22] train-rmse:0.870721
     [23] train-rmse:0.812226
     [24] train-rmse:0.708909
     [25] train-rmse:0.653647
     [26] train-rmse:0.601754
     [27] train-rmse:0.564925
     [28] train-rmse:0.524051
     [29] train-rmse:0.472632
     [30] train-rmse:0.457999
     [31] train-rmse:0.424110
     [32] train-rmse:0.401561
     [33] train-rmse:0.370844
     [34] train-rmse:0.339035
     [35] train-rmse:0.305074
     [36] train-rmse:0.280104
     [37] train-rmse:0.263870
     [38] train-rmse:0.251769
     [39] train-rmse:0.242262
     [40] train-rmse:0.238355
     [41] train-rmse:0.226590
     [42] train-rmse:0.215206
     [43] train-rmse:0.205528
     [44] train-rmse:0.183962
     [45] train-rmse:0.167752
     [46] train-rmse:0.151896
     [47] train-rmse:0.143509
     [48] train-rmse:0.130744
     [49] train-rmse:0.122127
     [50] train-rmse:0.109059
     2023-01-28 00:43:58 CRANWIN 11320 GPCERF train_gps INFO: Started estimating GPS values ...
     2023-01-28 00:44:10 CRANWIN 11320 GPCERF log_system_info INFO: System name: Windows, OS type: windows, machine architecture: x86, user: CRAN, R version 4.1.3 (2022-03-10), detected cores: 32
     2023-01-28 00:44:16 CRANWIN 11320 GPCERF train_gps INFO: Started estimating GPS values ...
     2023-01-28 00:44:29 CRANWIN 11320 GPCERF log_system_info INFO: System name: Windows, OS type: windows, machine architecture: x86, user: CRAN, R version 4.1.3 (2022-03-10), detected cores: 32
     2023-01-28 00:44:29 CRANWIN 11320 GPCERF log_system_info INFO: System name: Windows, OS type: windows, machine architecture: x86, user: CRAN, R version 4.1.3 (2022-03-10), detected cores: 32
     2023-01-28 00:44:29 CRANWIN 11320 GPCERF log_system_info INFO: System name: Windows, OS type: windows, machine architecture: x86, user: CRAN, R version 4.1.3 (2022-03-10), detected cores: 32
     2023-01-28 00:44:29 CRANWIN 11320 GPCERF log_system_info INFO: System name: Windows, OS type: windows, machine architecture: x86, user: CRAN, R version 4.1.3 (2022-03-10), detected cores: 32
     2023-01-28 00:44:29 CRANWIN 11320 GPCERF log_system_info INFO: System name: Windows, OS type: windows, machine architecture: x86, user: CRAN, R version 4.1.3 (2022-03-10), detected cores: 32
     2023-01-28 00:44:29 CRANWIN 11320 GPCERF log_system_info INFO: System name: Windows, OS type: windows, machine architecture: x86, user: CRAN, R version 4.1.3 (2022-03-10), detected cores: 32
     2023-01-28 00:44:29 CRANWIN 11320 GPCERF train_gps INFO: Started estimating GPS values ...
     2023-01-28 00:44:42 CRANWIN 11320 GPCERF log_system_info INFO: System name: Windows, OS type: windows, machine architecture: x86, user: CRAN, R version 4.1.3 (2022-03-10), detected cores: 32
     starting worker pid=63360 on localhost:11711 at 00:44:43.002
     starting worker pid=84612 on localhost:11711 at 00:44:43.002
     2023-01-28 00:44:54 CRANWIN 11320 GPCERF train_gps INFO: Started estimating GPS values ...
     2023-01-28 00:45:07 CRANWIN 11320 GPCERF log_system_info INFO: System name: Windows, OS type: windows, machine architecture: x86, user: CRAN, R version 4.1.3 (2022-03-10), detected cores: 32
     2023-01-28 00:45:07 CRANWIN 11320 GPCERF estimate_cerf_nngp INFO: Working on estimating cerf using nngp approach ...
     2023-01-28 00:45:07 CRANWIN 11320 GPCERF find_optimal_nn INFO: Started finding optimal values ...
     starting worker pid=10032 on localhost:11711 at 00:45:07.828
     2023-01-28 00:45:13 CRANWIN 11320 GPCERF find_optimal_nn INFO: Done with finding optimal value.(Wall clock time: 6.10999999999999 s.} ...
     2023-01-28 00:45:13 CRANWIN 11320 GPCERF estimate_noise_nn INFO: Working on estimating residual error with nngp ...
     starting worker pid=66888 on localhost:11711 at 00:45:13.940
     2023-01-28 00:45:17 CRANWIN 11320 GPCERF estimate_noise_nn INFO: Done with estimating residual error with nngpWall clock time: 3.90000000000001 s.
     2023-01-28 00:45:17 CRANWIN 11320 GPCERF estimate_mean_sd_nn INFO: Working on estimating mean and sd using nngp approach ...
     starting worker pid=20080 on localhost:11711 at 00:45:17.887
     2023-01-28 00:45:22 CRANWIN 11320 GPCERF estimate_mean_sd_nn INFO: Done with estimating mean and sd using nngp approach Wall clock time: 4.78999999999999 s.
     2023-01-28 00:45:22 CRANWIN 11320 GPCERF estimate_cerf_nngp INFO: Done with estimating cerf using nngp approach Wall clock time: 14.84 s.
     2023-01-28 00:45:22 CRANWIN 11320 GPCERF log_system_info INFO: System name: Windows, OS type: windows, machine architecture: x86, user: CRAN, R version 4.1.3 (2022-03-10), detected cores: 32
     2023-01-28 00:45:22 CRANWIN 11320 GPCERF estimate_cerf_nngp INFO: Working on estimating cerf using nngp approach ...
     2023-01-28 00:45:22 CRANWIN 11320 GPCERF log_system_info INFO: System name: Windows, OS type: windows, machine architecture: x86, user: CRAN, R version 4.1.3 (2022-03-10), detected cores: 32
     2023-01-28 00:45:22 CRANWIN 11320 GPCERF estimate_cerf_nngp INFO: Working on estimating cerf using nngp approach ...
     2023-01-28 00:45:22 CRANWIN 11320 GPCERF train_gps INFO: Started estimating GPS values ...
     2023-01-28 00:45:35 CRANWIN 11320 GPCERF estimate_noise_nn INFO: Working on estimating residual error with nngp ...
     starting worker pid=37044 on localhost:11711 at 00:45:36.054
     2023-01-28 00:45:40 CRANWIN 11320 GPCERF estimate_noise_nn INFO: Done with estimating residual error with nngpWall clock time: 4.39000000000001 s.
     2023-01-28 00:45:40 CRANWIN 11320 GPCERF estimate_mean_sd_nn INFO: Working on estimating mean and sd using nngp approach ...
     starting worker pid=78868 on localhost:11711 at 00:45:40.465
     2023-01-28 00:45:44 CRANWIN 11320 GPCERF estimate_mean_sd_nn INFO: Done with estimating mean and sd using nngp approach Wall clock time: 4.62 s.
     2023-01-28 00:45:44 CRANWIN 11320 GPCERF train_gps INFO: Started estimating GPS values ...
     2023-01-28 00:45:55 CRANWIN 11320 GPCERF train_gps INFO: Started estimating GPS values ...
     2023-01-28 00:46:08 CRANWIN 11320 GPCERF estimate_noise_nn INFO: Working on estimating residual error with nngp ...
     starting worker pid=52104 on localhost:11711 at 00:46:09.214
     2023-01-28 00:46:12 CRANWIN 11320 GPCERF estimate_noise_nn INFO: Done with estimating residual error with nngpWall clock time: 4.08999999999997 s.
     2023-01-28 00:46:13 CRANWIN 11320 GPCERF train_gps INFO: Started estimating GPS values ...
     2023-01-28 00:46:26 CRANWIN 11320 GPCERF find_optimal_nn INFO: Started finding optimal values ...
     starting worker pid=112848 on localhost:11711 at 00:46:26.619
     2023-01-28 00:46:37 CRANWIN 11320 GPCERF find_optimal_nn INFO: Done with finding optimal value.(Wall clock time: 11.47 s.} ...
     [ FAIL 0 | WARN 0 | SKIP 0 | PASS 95 ]
     >
     > proc.time()
     user system elapsed
     207.18 19.01 281.50
Flavor: r-oldrel-windows-ix86+x86_64