CRAN Package Check Results for Package GSE

Last updated on 2024-02-21 19:53:16 CET.

Flavor Version Tinstall Tcheck Ttotal Status Flags
r-devel-linux-x86_64-debian-clang 4.2-1 OK
r-devel-linux-x86_64-debian-gcc 4.2-1 76.24 62.07 138.31 OK
r-devel-linux-x86_64-fedora-clang 4.2-1 261.98 OK
r-devel-linux-x86_64-fedora-gcc 4.2-1 249.55 OK
r-devel-windows-x86_64 4.2-1 76.00 105.00 181.00 OK
r-patched-linux-x86_64 4.2-1 102.03 80.29 182.32 OK
r-release-linux-x86_64 4.2-1 96.64 81.02 177.66 OK
r-release-macos-arm64 4.2-1 68.00 NOTE
r-release-macos-x86_64 4.2-1 112.00 NOTE
r-release-windows-x86_64 4.2-1 99.00 121.00 220.00 OK
r-oldrel-macos-arm64 4.2-1 61.00 NOTE
r-oldrel-windows-x86_64 4.2-1 97.00 122.00 219.00 OK

Check Details

Version: 4.2-1
Check: installed package size
Result: NOTE installed size is 5.2Mb sub-directories of 1Mb or more: libs 4.6Mb Flavors: r-release-macos-arm64, r-release-macos-x86_64, r-oldrel-macos-arm64