CRAN Package Check Results for Package GUTS

Last updated on 2022-06-28 21:51:23 CEST.

Flavor Version Tinstall Tcheck Ttotal Status Flags
r-devel-linux-x86_64-debian-clang 1.2.3 32.67 55.87 88.54 NOTE
r-devel-linux-x86_64-debian-gcc 1.2.3 25.12 42.02 67.14 NOTE
r-devel-linux-x86_64-fedora-clang 1.2.3 129.25 NOTE
r-devel-linux-x86_64-fedora-gcc 1.2.3 116.96 NOTE
r-devel-windows-x86_64 1.2.3 47.00 118.00 165.00 NOTE
r-patched-linux-x86_64 1.2.3 29.87 52.93 82.80 OK
r-release-linux-x86_64 1.2.3 28.48 51.98 80.46 OK
r-release-macos-arm64 1.2.3 38.00 NOTE
r-release-macos-x86_64 1.2.3 242.00 NOTE
r-release-windows-x86_64 1.2.3 51.00 112.00 163.00 OK
r-oldrel-macos-arm64 1.2.3 47.00 NOTE
r-oldrel-macos-x86_64 1.2.3 72.00 NOTE
r-oldrel-windows-ix86+x86_64 1.2.3 80.00 110.00 190.00 NOTE

Check Details

Version: 1.2.3
Check: Rd files
Result: NOTE
    checkRd: (-1) GUTS-package.Rd:39: Escaped LaTeX specials: \&
    checkRd: (-1) GUTS.Rd:201: Escaped LaTeX specials: \&
    checkRd: (-1) GUTS.Rd:209: Escaped LaTeX specials: \&
Flavors: r-devel-linux-x86_64-debian-clang, r-devel-linux-x86_64-debian-gcc, r-devel-linux-x86_64-fedora-clang, r-devel-linux-x86_64-fedora-gcc, r-devel-windows-x86_64

Version: 1.2.3
Check: installed package size
Result: NOTE
     installed size is 5.4Mb
     sub-directories of 1Mb or more:
     extdata 2.5Mb
     libs 1.8Mb
Flavors: r-devel-linux-x86_64-fedora-clang, r-release-macos-arm64, r-release-macos-x86_64, r-oldrel-macos-arm64, r-oldrel-macos-x86_64, r-oldrel-windows-ix86+x86_64