CRAN Package Check Results for Package GWSDAT

Last updated on 2021-01-23 19:47:36 CET.

Flavor Version Tinstall Tcheck Ttotal Status Flags
r-devel-linux-x86_64-debian-clang 3.0.5 27.39 187.56 214.95 OK
r-devel-linux-x86_64-debian-gcc 3.0.5 21.51 141.02 162.53 OK
r-devel-linux-x86_64-fedora-clang 3.0.5 270.24 NOTE
r-devel-linux-x86_64-fedora-gcc 3.0.5 259.81 OK
r-devel-windows-ix86+x86_64 3.0.5 53.00 200.00 253.00 OK
r-patched-linux-x86_64 3.0.5 27.10 171.90 199.00 OK
r-patched-solaris-x86 3.0.5 358.70 OK
r-release-linux-x86_64 3.0.5 25.52 170.80 196.32 OK
r-release-macos-x86_64 3.0.5 OK
r-release-windows-ix86+x86_64 3.0.5 63.00 188.00 251.00 OK
r-oldrel-macos-x86_64 3.0.5 WARN
r-oldrel-windows-ix86+x86_64 3.0.5 38.00 144.00 182.00 OK

Check Details

Version: 3.0.5
Check: package dependencies
Result: NOTE
    Imports includes 21 non-default packages.
    Importing from so many packages makes the package vulnerable to any of
    them becoming unavailable. Move as many as possible to Suggests and
    use conditionally.
Flavor: r-devel-linux-x86_64-fedora-clang

Version: 3.0.5
Check: dependencies in R code
Result: NOTE
    No protocol specified
    No protocol specified
Flavor: r-oldrel-macos-x86_64

Version: 3.0.5
Check: S3 generic/method consistency
Result: WARN
    No protocol specified
    No protocol specified
    See section ‘Generic functions and methods’ in the ‘Writing R
    Extensions’ manual.
Flavor: r-oldrel-macos-x86_64

Version: 3.0.5
Check: replacement functions
Result: WARN
    No protocol specified
    No protocol specified
    The argument of a replacement function which corresponds to the right
    hand side must be named ‘value’.
Flavor: r-oldrel-macos-x86_64

Version: 3.0.5
Check: foreign function calls
Result: NOTE
    No protocol specified
    No protocol specified
    See chapter ‘System and foreign language interfaces’ in the ‘Writing R
    Extensions’ manual.
Flavor: r-oldrel-macos-x86_64

Version: 3.0.5
Check: R code for possible problems
Result: NOTE
    No protocol specified
    No protocol specified
Flavor: r-oldrel-macos-x86_64

Version: 3.0.5
Check: for missing documentation entries
Result: WARN
    No protocol specified
    No protocol specified
    All user-level objects in a package should have documentation entries.
    See chapter ‘Writing R documentation files’ in the ‘Writing R
    Extensions’ manual.
Flavor: r-oldrel-macos-x86_64

Version: 3.0.5
Check: for code/documentation mismatches
Result: WARN
    No protocol specified
    No protocol specified
    No protocol specified
    No protocol specified
    No protocol specified
    No protocol specified
Flavor: r-oldrel-macos-x86_64

Version: 3.0.5
Check: Rd \usage sections
Result: NOTE
    No protocol specified
    No protocol specified
    The \usage entries for S3 methods should use the \method markup and not
    their full name.
    See chapter ‘Writing R documentation files’ in the ‘Writing R
    Extensions’ manual.
Flavor: r-oldrel-macos-x86_64