Last updated on 2023-01-27 19:49:32 CET.
Flavor | Version | Tinstall | Tcheck | Ttotal | Status | Flags |
---|---|---|---|---|---|---|
r-devel-linux-x86_64-debian-clang | 0.1-4 | 4.49 | 46.75 | 51.24 | OK | |
r-devel-linux-x86_64-debian-gcc | 0.1-4 | 4.19 | 35.88 | 40.07 | OK | |
r-devel-linux-x86_64-fedora-clang | 0.1-4 | 69.39 | NOTE | |||
r-devel-linux-x86_64-fedora-gcc | 0.1-4 | 67.59 | NOTE | |||
r-devel-windows-x86_64 | 0.1-4 | 25.00 | 77.00 | 102.00 | OK | |
r-patched-linux-x86_64 | 0.1-4 | 4.78 | 45.94 | 50.72 | OK | |
r-release-linux-x86_64 | 0.1-4 | 5.27 | 47.81 | 53.08 | OK | |
r-release-macos-arm64 | 0.1-4 | 26.00 | NOTE | |||
r-release-macos-x86_64 | 0.1-4 | 35.00 | NOTE | |||
r-release-windows-x86_64 | 0.1-4 | 22.00 | 91.00 | 113.00 | OK | |
r-oldrel-macos-arm64 | 0.1-4 | 28.00 | NOTE | |||
r-oldrel-macos-x86_64 | 0.1-4 | 37.00 | NOTE | |||
r-oldrel-windows-ix86+x86_64 | 0.1-4 | 11.00 | 73.00 | 84.00 | OK |
Version: 0.1-4
Check: dependencies in R code
Result: NOTE
Namespace in Imports field not imported from: ‘rgeos’
All declared Imports should be used.
Flavors: r-devel-linux-x86_64-fedora-clang, r-devel-linux-x86_64-fedora-gcc, r-release-macos-arm64, r-release-macos-x86_64, r-oldrel-macos-arm64, r-oldrel-macos-x86_64