CRAN Package Check Results for Package GeneNet

Last updated on 2022-09-27 23:08:40 CEST.

Flavor Version Tinstall Tcheck Ttotal Status Flags
r-devel-linux-x86_64-debian-clang 1.2.16 2.85 30.98 33.83 OK
r-devel-linux-x86_64-debian-gcc 1.2.16 2.23 23.58 25.81 OK
r-devel-linux-x86_64-fedora-clang 1.2.16 53.55 OK
r-devel-linux-x86_64-fedora-gcc 1.2.16 53.18 OK
r-devel-windows-x86_64 1.2.16 18.00 67.00 85.00 OK
r-patched-linux-x86_64 1.2.16 4.32 28.33 32.65 OK
r-release-linux-x86_64 1.2.16 2.87 27.99 30.86 OK
r-release-macos-arm64 1.2.16 18.00 NOTE
r-release-macos-x86_64 1.2.16 23.00 OK
r-release-windows-x86_64 1.2.16 6.00 54.00 60.00 OK
r-oldrel-macos-arm64 1.2.16 20.00 OK
r-oldrel-macos-x86_64 1.2.16 23.00 OK
r-oldrel-windows-ix86+x86_64 1.2.16 4.00 51.00 55.00 OK

Check Details

Version: 1.2.16
Check: package dependencies
Result: NOTE
    Packages suggested but not available for checking: 'graph', 'Rgraphviz'
Flavor: r-release-macos-arm64