CRAN Package Check Results for Package GeneralisedCovarianceMeasure

Last updated on 2022-01-23 19:48:30 CET.

Flavor Version Tinstall Tcheck Ttotal Status Flags
r-devel-linux-x86_64-debian-clang 0.1.0 10.08 93.40 103.48 NOTE
r-devel-linux-x86_64-debian-gcc 0.1.0 9.14 80.17 89.31 NOTE
r-devel-linux-x86_64-fedora-clang 0.1.0 127.13 NOTE
r-devel-linux-x86_64-fedora-gcc 0.1.0 113.95 NOTE
r-devel-windows-x86_64-new-UL 0.1.0 104.00 113.00 217.00 NOTE
r-devel-windows-x86_64-new-TK 0.1.0 NOTE
r-patched-linux-x86_64 0.1.0 10.07 90.44 100.51 NOTE
r-release-linux-x86_64 0.1.0 7.18 91.11 98.29 NOTE
r-release-macos-arm64 0.1.0 NOTE
r-release-macos-x86_64 0.1.0 NOTE
r-release-windows-ix86+x86_64 0.1.0 23.00 101.00 124.00 NOTE
r-oldrel-macos-x86_64 0.1.0 OK
r-oldrel-windows-ix86+x86_64 0.1.0 21.00 99.00 120.00 OK

Check Details

Version: 0.1.0
Check: LazyData
Result: NOTE
     'LazyData' is specified without a 'data' directory
Flavors: r-devel-linux-x86_64-debian-clang, r-devel-linux-x86_64-debian-gcc, r-devel-linux-x86_64-fedora-clang, r-devel-linux-x86_64-fedora-gcc, r-devel-windows-x86_64-new-UL, r-devel-windows-x86_64-new-TK, r-patched-linux-x86_64, r-release-linux-x86_64, r-release-macos-arm64, r-release-macos-x86_64, r-release-windows-ix86+x86_64