Last updated on 2023-01-28 19:52:16 CET.
Flavor | Version | Tinstall | Tcheck | Ttotal | Status | Flags |
---|---|---|---|---|---|---|
r-devel-linux-x86_64-debian-clang | 1.2.5 | 65.42 | 132.35 | 197.77 | NOTE | |
r-devel-linux-x86_64-debian-gcc | 1.2.5 | 52.17 | 92.78 | 144.95 | NOTE | |
r-devel-linux-x86_64-fedora-clang | 1.2.5 | 278.45 | NOTE | |||
r-devel-linux-x86_64-fedora-gcc | 1.2.5 | 257.80 | NOTE | |||
r-devel-windows-x86_64 | 1.2.5 | 130.00 | 177.00 | 307.00 | NOTE | |
r-patched-linux-x86_64 | 1.2.5 | 55.65 | 130.26 | 185.91 | NOTE | |
r-release-linux-x86_64 | 1.2.5 | 56.79 | 130.10 | 186.89 | NOTE | |
r-release-macos-arm64 | 1.2.5 | 86.00 | NOTE | |||
r-release-macos-x86_64 | 1.2.5 | 95.00 | NOTE | |||
r-release-windows-x86_64 | 1.2.5 | 124.00 | 179.00 | 303.00 | NOTE | |
r-oldrel-macos-arm64 | 1.2.5 | 76.00 | NOTE | |||
r-oldrel-macos-x86_64 | 1.2.5 | 105.00 | NOTE | |||
r-oldrel-windows-ix86+x86_64 | 1.2.5 | 170.00 | 211.00 | 381.00 | NOTE |
Version: 1.2.5
Check: for GNU extensions in Makefiles
Result: NOTE
GNU make is a SystemRequirements.
Flavors: r-devel-linux-x86_64-debian-clang, r-devel-linux-x86_64-debian-gcc, r-devel-linux-x86_64-fedora-clang, r-devel-linux-x86_64-fedora-gcc, r-devel-windows-x86_64, r-patched-linux-x86_64, r-release-linux-x86_64, r-release-macos-arm64, r-release-macos-x86_64, r-release-windows-x86_64, r-oldrel-macos-arm64, r-oldrel-macos-x86_64, r-oldrel-windows-ix86+x86_64
Version: 1.2.5
Check: C++ specification
Result: NOTE
Specified C++11: please update to current default of C++17
Flavors: r-devel-linux-x86_64-debian-gcc, r-devel-linux-x86_64-fedora-gcc