CRAN Package Check Results for Package GeneralizedUmatrix

Last updated on 2024-02-26 19:50:09 CET.

Flavor Version Tinstall Tcheck Ttotal Status Flags
r-devel-linux-x86_64-debian-clang 1.2.6 71.20 148.78 219.98 NOTE
r-devel-linux-x86_64-debian-gcc 1.2.6 55.31 122.84 178.15 NOTE
r-devel-linux-x86_64-fedora-clang 1.2.6 472.76 NOTE
r-devel-linux-x86_64-fedora-gcc 1.2.6 493.02 NOTE
r-devel-windows-x86_64 1.2.6 59.00 147.00 206.00 NOTE
r-patched-linux-x86_64 1.2.6 69.81 139.74 209.55 NOTE
r-release-linux-x86_64 1.2.6 70.17 147.34 217.51 NOTE
r-release-macos-arm64 1.2.6 254.00 NOTE
r-release-macos-x86_64 1.2.6 89.00 NOTE
r-release-windows-x86_64 1.2.6 74.00 160.00 234.00 NOTE
r-oldrel-macos-arm64 1.2.6 238.00 NOTE
r-oldrel-windows-x86_64 1.2.6 72.00 152.00 224.00 NOTE

Additional issues

Intel M1mac

Check Details

Version: 1.2.6
Check: for GNU extensions in Makefiles
Result: NOTE GNU make is a SystemRequirements. Flavors: r-devel-linux-x86_64-debian-clang, r-devel-linux-x86_64-debian-gcc, r-devel-linux-x86_64-fedora-clang, r-devel-linux-x86_64-fedora-gcc, r-devel-windows-x86_64, r-patched-linux-x86_64, r-release-linux-x86_64, r-release-macos-arm64, r-release-macos-x86_64, r-release-windows-x86_64, r-oldrel-macos-arm64, r-oldrel-windows-x86_64