CRAN Package Check Results for Package GeoRange

Last updated on 2022-06-27 21:51:20 CEST.

Flavor Version Tinstall Tcheck Ttotal Status Flags
r-devel-linux-x86_64-debian-clang 0.1.0 4.29 54.34 58.63 OK
r-devel-linux-x86_64-debian-gcc 0.1.0 4.06 40.90 44.96 OK
r-devel-linux-x86_64-fedora-clang 0.1.0 81.93 NOTE
r-devel-linux-x86_64-fedora-gcc 0.1.0 81.14 NOTE
r-devel-windows-x86_64 0.1.0 29.00 79.00 108.00 OK
r-patched-linux-x86_64 0.1.0 5.17 52.79 57.96 OK
r-release-linux-x86_64 0.1.0 4.60 51.33 55.93 OK
r-release-macos-arm64 0.1.0 25.00 NOTE
r-release-macos-x86_64 0.1.0 42.00 NOTE
r-release-windows-x86_64 0.1.0 30.00 85.00 115.00 OK
r-oldrel-macos-arm64 0.1.0 30.00 NOTE
r-oldrel-macos-x86_64 0.1.0 36.00 NOTE
r-oldrel-windows-ix86+x86_64 0.1.0 11.00 78.00 89.00 OK

Check Details

Version: 0.1.0
Check: dependencies in R code
Result: NOTE
    Namespace in Imports field not imported from: ‘velociraptr’
     All declared Imports should be used.
Flavors: r-devel-linux-x86_64-fedora-clang, r-devel-linux-x86_64-fedora-gcc, r-release-macos-arm64, r-release-macos-x86_64, r-oldrel-macos-arm64, r-oldrel-macos-x86_64