CRAN Package Check Results for Package GeoWeightedModel

Last updated on 2022-12-05 19:51:31 CET.

Flavor Version Tinstall Tcheck Ttotal Status Flags
r-devel-linux-x86_64-debian-clang 1.0.2 3.64 36.10 39.74 OK
r-devel-linux-x86_64-debian-gcc 1.0.2 3.17 28.11 31.28 OK
r-devel-linux-x86_64-fedora-clang 1.0.2 62.92 NOTE
r-devel-linux-x86_64-fedora-gcc 1.0.2 59.31 NOTE
r-devel-windows-x86_64 1.0.2 30.00 65.00 95.00 OK
r-patched-linux-x86_64 1.0.2 4.50 35.61 40.11 OK
r-release-linux-x86_64 1.0.2 3.64 36.50 40.14 OK
r-release-macos-arm64 1.0.2 34.00 NOTE
r-release-macos-x86_64 1.0.2 27.00 NOTE
r-release-windows-x86_64 1.0.2 32.00 67.00 99.00 OK
r-oldrel-macos-arm64 1.0.2 21.00 NOTE
r-oldrel-macos-x86_64 1.0.2 26.00 NOTE
r-oldrel-windows-ix86+x86_64 1.0.2 13.00 64.00 77.00 OK

Check Details

Version: 1.0.2
Check: dependencies in R code
Result: NOTE
    Namespaces in Imports field not imported from:
     ‘DT’ ‘GWmodel’ ‘beepr’ ‘cartography’ ‘dplyr’ ‘raster’ ‘readxl’
     ‘shinyBS’ ‘shinyWidgets’ ‘shinyalert’ ‘shinybusy’ ‘shinyjs’ ‘sp’
     ‘spdep’
     All declared Imports should be used.
Flavors: r-devel-linux-x86_64-fedora-clang, r-devel-linux-x86_64-fedora-gcc, r-release-macos-arm64, r-release-macos-x86_64, r-oldrel-macos-arm64, r-oldrel-macos-x86_64