Last updated on 2023-09-26 23:04:14 CEST.
Flavor | Version | Tinstall | Tcheck | Ttotal | Status | Flags |
---|---|---|---|---|---|---|
r-devel-linux-x86_64-debian-clang | 1.0.2 | 4.04 | 37.23 | 41.27 | OK | |
r-devel-linux-x86_64-debian-gcc | 1.0.2 | 3.42 | 28.16 | 31.58 | OK | |
r-devel-linux-x86_64-fedora-clang | 1.0.2 | 50.98 | NOTE | |||
r-devel-linux-x86_64-fedora-gcc | 1.0.2 | 47.76 | NOTE | |||
r-devel-windows-x86_64 | 1.0.2 | 5.00 | 49.00 | 54.00 | OK | |
r-patched-linux-x86_64 | 1.0.2 | 4.32 | 36.12 | 40.44 | OK | |
r-release-linux-x86_64 | 1.0.2 | 3.43 | 36.55 | 39.98 | OK | |
r-release-macos-arm64 | 1.0.2 | 22.00 | OK | |||
r-release-macos-x86_64 | 1.0.2 | 29.00 | OK | |||
r-release-windows-x86_64 | 1.0.2 | 7.00 | 51.00 | 58.00 | OK | |
r-oldrel-macos-arm64 | 1.0.2 | 34.00 | NOTE | |||
r-oldrel-macos-x86_64 | 1.0.2 | 27.00 | NOTE | |||
r-oldrel-windows-x86_64 | 1.0.2 | 8.00 | 56.00 | 64.00 | OK |
Version: 1.0.2
Check: dependencies in R code
Result: NOTE
Namespaces in Imports field not imported from:
‘DT’ ‘GWmodel’ ‘beepr’ ‘cartography’ ‘dplyr’ ‘raster’ ‘readxl’
‘shinyBS’ ‘shinyWidgets’ ‘shinyalert’ ‘shinybusy’ ‘shinyjs’ ‘sp’
‘spdep’
All declared Imports should be used.
Flavors: r-devel-linux-x86_64-fedora-clang, r-devel-linux-x86_64-fedora-gcc, r-oldrel-macos-arm64, r-oldrel-macos-x86_64