CRAN Package Check Results for Package GeodRegr

Last updated on 2021-12-05 19:49:24 CET.

Flavor Version Tinstall Tcheck Ttotal Status Flags
r-devel-linux-x86_64-debian-clang 0.2.0 5.08 45.85 50.93 OK
r-devel-linux-x86_64-debian-gcc 0.2.0 3.62 33.58 37.20 OK
r-devel-linux-x86_64-fedora-clang 0.2.0 61.74 NOTE
r-devel-linux-x86_64-fedora-gcc 0.2.0 49.64 OK
r-devel-windows-x86_64-new-UL 0.2.0 10.00 70.00 80.00 OK
r-devel-windows-x86_64-new-TK 0.2.0 OK
r-devel-windows-x86_64-old 0.2.0 7.00 45.00 52.00 OK
r-patched-linux-x86_64 0.2.0 4.64 35.11 39.75 OK
r-release-linux-x86_64 0.2.0 4.16 43.57 47.73 OK
r-release-macos-arm64 0.2.0 OK
r-release-macos-x86_64 0.2.0 OK
r-release-windows-ix86+x86_64 0.2.0 9.00 56.00 65.00 OK
r-oldrel-macos-x86_64 0.2.0 OK
r-oldrel-windows-ix86+x86_64 0.2.0 9.00 50.00 59.00 OK

Check Details

Version: 0.2.0
Check: Rd cross-references
Result: NOTE
    Undeclared package ‘RiemBase’ in Rd xrefs
Flavor: r-devel-linux-x86_64-fedora-clang