CRAN Package Check Results for Package GetBCBData

Last updated on 2021-12-01 19:51:37 CET.

Flavor Version Tinstall Tcheck Ttotal Status Flags
r-devel-linux-x86_64-debian-clang 0.6 2.08 26.08 28.16 NOTE
r-devel-linux-x86_64-debian-gcc 0.6 1.65 19.87 21.52 NOTE
r-devel-linux-x86_64-fedora-clang 0.6 46.49 NOTE
r-devel-linux-x86_64-fedora-gcc 0.6 33.34 NOTE
r-devel-windows-x86_64-new-UL 0.6 8.00 68.00 76.00 NOTE
r-devel-windows-x86_64-new-TK 0.6 NOTE
r-devel-windows-x86_64-old 0.6 5.00 44.00 49.00 NOTE
r-patched-linux-x86_64 0.6 2.35 23.85 26.20 NOTE
r-patched-solaris-x86 0.6 51.70 NOTE
r-release-linux-x86_64 0.6 1.98 24.16 26.14 NOTE
r-release-macos-arm64 0.6 NOTE
r-release-macos-x86_64 0.6 NOTE
r-release-windows-ix86+x86_64 0.6 5.00 51.00 56.00 NOTE
r-oldrel-macos-x86_64 0.6 NOTE
r-oldrel-windows-ix86+x86_64 0.6 4.00 37.00 41.00 OK

Check Details

Version: 0.6
Check: LazyData
Result: NOTE
     'LazyData' is specified without a 'data' directory
Flavors: r-devel-linux-x86_64-debian-clang, r-devel-linux-x86_64-debian-gcc, r-devel-linux-x86_64-fedora-clang, r-devel-linux-x86_64-fedora-gcc, r-devel-windows-x86_64-new-UL, r-devel-windows-x86_64-new-TK, r-devel-windows-x86_64-old, r-patched-linux-x86_64, r-patched-solaris-x86, r-release-linux-x86_64, r-release-macos-arm64, r-release-macos-x86_64, r-release-windows-ix86+x86_64

Version: 0.6
Check: dependencies in R code
Result: NOTE
    Namespaces in Imports field not imported from:
     ‘RCurl’ ‘lubridate’ ‘readr’ ‘stats’
     All declared Imports should be used.
Flavors: r-devel-linux-x86_64-fedora-clang, r-devel-linux-x86_64-fedora-gcc, r-devel-windows-x86_64-new-TK, r-patched-solaris-x86, r-release-macos-arm64, r-release-macos-x86_64, r-oldrel-macos-x86_64