CRAN Package Check Results for Package GetBCBData

Last updated on 2021-06-21 21:51:20 CEST.

Flavor Version Tinstall Tcheck Ttotal Status Flags
r-devel-linux-x86_64-debian-clang 0.6 1.86 25.53 27.39 NOTE
r-devel-linux-x86_64-debian-gcc 0.6 1.74 20.13 21.87 NOTE
r-devel-linux-x86_64-fedora-clang 0.6 43.15 NOTE
r-devel-linux-x86_64-fedora-gcc 0.6 33.76 NOTE
r-devel-windows-x86_64 0.6 4.00 48.00 52.00 NOTE
r-devel-windows-x86_64-gcc10-UCRT 0.6 ERROR
r-patched-linux-x86_64 0.6 1.89 25.47 27.36 NOTE
r-patched-solaris-x86 0.6 51.20 NOTE
r-release-linux-x86_64 0.6 1.84 25.32 27.16 NOTE
r-release-macos-arm64 0.6 NOTE
r-release-macos-x86_64 0.6 NOTE
r-release-windows-ix86+x86_64 0.6 5.00 49.00 54.00 NOTE
r-oldrel-macos-x86_64 0.6 NOTE

Check Details

Version: 0.6
Check: LazyData
Result: NOTE
     'LazyData' is specified without a 'data' directory
Flavors: r-devel-linux-x86_64-debian-clang, r-devel-linux-x86_64-debian-gcc, r-devel-linux-x86_64-fedora-clang, r-devel-linux-x86_64-fedora-gcc, r-devel-windows-x86_64, r-patched-linux-x86_64, r-patched-solaris-x86, r-release-linux-x86_64, r-release-macos-arm64, r-release-macos-x86_64, r-release-windows-ix86+x86_64

Version: 0.6
Check: dependencies in R code
Result: NOTE
    Namespaces in Imports field not imported from:
     ‘RCurl’ ‘lubridate’ ‘readr’ ‘stats’
     All declared Imports should be used.
Flavors: r-devel-linux-x86_64-fedora-clang, r-devel-linux-x86_64-fedora-gcc, r-patched-solaris-x86, r-release-macos-arm64, r-release-macos-x86_64, r-oldrel-macos-x86_64

Version: 0.6
Check: package dependencies
Result: ERROR
    Package required but not available: 'curl'
    
    See section 'The DESCRIPTION file' in the 'Writing R Extensions'
    manual.
Flavor: r-devel-windows-x86_64-gcc10-UCRT