CRAN Package Check Results for Package GlarmaVarSel

Last updated on 2021-12-01 19:51:37 CET.

Flavor Version Tinstall Tcheck Ttotal Status Flags
r-devel-linux-x86_64-debian-clang 1.0 9.55 126.61 136.16 OK
r-devel-linux-x86_64-debian-gcc 1.0 7.75 91.05 98.80 OK
r-devel-linux-x86_64-fedora-clang 1.0 172.29 OK
r-devel-linux-x86_64-fedora-gcc 1.0 156.01 OK
r-devel-windows-x86_64-new-UL 1.0 18.00 165.00 183.00 NOTE
r-devel-windows-x86_64-new-TK 1.0 NOTE
r-devel-windows-x86_64-old 1.0 16.00 113.00 129.00 NOTE
r-patched-linux-x86_64 1.0 7.78 120.16 127.94 OK
r-patched-solaris-x86 1.0 206.20 OK
r-release-linux-x86_64 1.0 8.96 117.25 126.21 OK
r-release-macos-arm64 1.0 OK
r-release-macos-x86_64 1.0 OK
r-release-windows-ix86+x86_64 1.0 24.00 145.00 169.00 NOTE
r-oldrel-macos-x86_64 1.0 OK
r-oldrel-windows-ix86+x86_64 1.0 15.00 111.00 126.00 NOTE

Check Details

Version: 1.0
Check: package dependencies
Result: NOTE
    Package suggested but not available for checking: 'doMC'
Flavors: r-devel-windows-x86_64-new-UL, r-devel-windows-x86_64-new-TK, r-devel-windows-x86_64-old, r-release-windows-ix86+x86_64, r-oldrel-windows-ix86+x86_64