Last updated on 2021-02-28 19:48:00 CET.
Flavor | Version | Tinstall | Tcheck | Ttotal | Status | Flags |
---|---|---|---|---|---|---|
r-devel-linux-x86_64-debian-clang | 0.2.4 | OK | ||||
r-devel-linux-x86_64-debian-gcc | 0.2.4 | 8.40 | 218.09 | 226.49 | OK | |
r-devel-linux-x86_64-fedora-clang | 0.2.4 | 379.16 | NOTE | |||
r-devel-linux-x86_64-fedora-gcc | 0.2.4 | 395.36 | NOTE | |||
r-devel-windows-ix86+x86_64 | 0.2.3 | 16.00 | 332.00 | 348.00 | OK | |
r-patched-linux-x86_64 | 0.2.4 | 11.19 | 290.88 | 302.07 | OK | |
r-patched-solaris-x86 | 0.2.4 | 804.60 | NOTE | |||
r-release-linux-x86_64 | 0.2.4 | 10.32 | 284.34 | 294.66 | OK | |
r-release-macos-x86_64 | 0.2.4 | NOTE | ||||
r-release-windows-ix86+x86_64 | 0.2.3 | 29.00 | 435.00 | 464.00 | OK | |
r-oldrel-macos-x86_64 | 0.2.4 | NOTE | ||||
r-oldrel-windows-ix86+x86_64 | 0.2.3 | 18.00 | 375.00 | 393.00 | OK |
Version: 0.2.4
Check: dependencies in R code
Result: NOTE
Namespace in Imports field not imported from: ‘purrr’
All declared Imports should be used.
Flavors: r-devel-linux-x86_64-fedora-clang, r-devel-linux-x86_64-fedora-gcc, r-patched-solaris-x86, r-release-macos-x86_64, r-oldrel-macos-x86_64