CRAN Package Check Results for Package GmAMisc

Last updated on 2021-12-07 19:49:45 CET.

Flavor Version Tinstall Tcheck Ttotal Status Flags
r-devel-linux-x86_64-debian-clang 1.2.0 41.76 397.03 438.79 OK
r-devel-linux-x86_64-debian-gcc 1.2.0 33.15 292.08 325.23 OK
r-devel-linux-x86_64-fedora-clang 1.2.0 529.55 NOTE
r-devel-linux-x86_64-fedora-gcc 1.2.0 546.67 OK
r-devel-windows-x86_64-new-UL 1.2.0 72.00 482.00 554.00 OK
r-devel-windows-x86_64-new-TK 1.2.0 OK
r-devel-windows-x86_64-old 1.2.0 75.00 474.00 549.00 OK
r-patched-linux-x86_64 1.2.0 40.03 380.17 420.20 OK
r-release-linux-x86_64 1.2.0 38.24 379.01 417.25 OK
r-release-macos-arm64 1.2.0 OK
r-release-macos-x86_64 1.2.0 OK
r-release-windows-ix86+x86_64 1.2.0 80.00 469.00 549.00 OK
r-oldrel-macos-x86_64 1.2.0 OK
r-oldrel-windows-ix86+x86_64 1.2.0 107.00 412.00 519.00 OK

Check Details

Version: 1.2.0
Check: package dependencies
Result: NOTE
    Imports includes 25 non-default packages.
    Importing from so many packages makes the package vulnerable to any of
    them becoming unavailable. Move as many as possible to Suggests and
    use conditionally.
Flavor: r-devel-linux-x86_64-fedora-clang