Last updated on 2022-05-26 21:50:07 CEST.
Flavor | Version | Tinstall | Tcheck | Ttotal | Status | Flags |
---|---|---|---|---|---|---|
r-devel-linux-x86_64-debian-clang | 1.0.5 | 27.23 | 50.37 | 77.60 | OK | |
r-devel-linux-x86_64-debian-gcc | 1.0.5 | 25.30 | 43.52 | 68.82 | OK | |
r-devel-linux-x86_64-fedora-clang | 1.0.6 | 131.63 | NOTE | |||
r-devel-linux-x86_64-fedora-gcc | 1.0.6 | 125.00 | OK | |||
r-devel-windows-x86_64 | 1.0.5 | 30.00 | 87.00 | 117.00 | OK | |
r-patched-linux-x86_64 | 1.0.5 | 28.14 | 47.91 | 76.05 | OK | |
r-release-linux-x86_64 | 1.0.5 | 23.30 | 48.05 | 71.35 | OK | |
r-release-macos-arm64 | 1.0.5 | 29.00 | OK | |||
r-release-macos-x86_64 | 1.0.5 | 40.00 | OK | |||
r-release-windows-x86_64 | 1.0.5 | 35.00 | 90.00 | 125.00 | OK | |
r-oldrel-macos-arm64 | 1.0.5 | 87.00 | OK | |||
r-oldrel-macos-x86_64 | 1.0.5 | 152.00 | OK | |||
r-oldrel-windows-ix86+x86_64 | 1.0.5 | 78.00 | 95.00 | 173.00 | OK |
Version: 1.0.6
Check: installed package size
Result: NOTE
installed size is 5.3Mb
sub-directories of 1Mb or more:
shiny 4.3Mb
Flavor: r-devel-linux-x86_64-fedora-clang