CRAN Package Check Results for Package HDiR

Last updated on 2022-05-27 21:51:23 CEST.

Flavor Version Tinstall Tcheck Ttotal Status Flags
r-devel-linux-x86_64-debian-clang 1.1.1 16.54 161.88 178.42 OK
r-devel-linux-x86_64-debian-gcc 1.1.1 12.52 120.99 133.51 OK
r-devel-linux-x86_64-fedora-clang 1.1.1 216.12 OK
r-devel-linux-x86_64-fedora-gcc 1.1.1 216.85 OK
r-devel-windows-x86_64 1.1.1 26.00 152.00 178.00 OK
r-patched-linux-x86_64 1.1.1 12.85 151.76 164.61 OK
r-release-linux-x86_64 1.1.1 14.37 156.49 170.86 OK
r-release-macos-arm64 1.1.1 101.00 OK
r-release-macos-x86_64 1.1.1 166.00 OK
r-release-windows-x86_64 1.1.1 30.00 166.00 196.00 OK
r-oldrel-macos-arm64 1.1.1 118.00 OK
r-oldrel-macos-x86_64 1.1.1 89.00 OK
r-oldrel-windows-ix86+x86_64 1.1.1 4.00 9.00 13.00 ERROR

Check Details

Version: 1.1.1
Check: whether package can be installed
Result: ERROR
    Installation failed.
Flavor: r-oldrel-windows-ix86+x86_64