CRAN Package Check Results for Package HEMDAG

Last updated on 2024-02-22 19:55:34 CET.

Flavor Version Tinstall Tcheck Ttotal Status Flags
r-devel-linux-x86_64-debian-clang 2.7.4 NOTE
r-devel-linux-x86_64-debian-gcc 2.7.4 11.17 105.98 117.15 NOTE
r-devel-linux-x86_64-fedora-clang 2.7.4 189.23 NOTE
r-devel-linux-x86_64-fedora-gcc 2.7.4 183.85 NOTE
r-devel-windows-x86_64 2.7.4 16.00 151.00 167.00 NOTE
r-patched-linux-x86_64 2.7.4 13.01 136.45 149.46 NOTE
r-release-linux-x86_64 2.7.4 8.95 136.70 145.65 NOTE
r-release-macos-arm64 2.7.4 58.00 NOTE
r-release-macos-x86_64 2.7.4 96.00 NOTE
r-release-windows-x86_64 2.7.4 19.00 190.00 209.00 NOTE
r-oldrel-macos-arm64 2.7.4 57.00 OK
r-oldrel-windows-x86_64 2.7.4 19.00 177.00 196.00 OK

Check Details

Version: 2.7.4
Check: C++ specification
Result: NOTE Specified C++11: please drop specification unless essential Flavors: r-devel-linux-x86_64-debian-clang, r-devel-linux-x86_64-debian-gcc, r-devel-linux-x86_64-fedora-clang, r-devel-linux-x86_64-fedora-gcc, r-devel-windows-x86_64, r-patched-linux-x86_64, r-release-linux-x86_64, r-release-macos-arm64, r-release-macos-x86_64, r-release-windows-x86_64