CRAN Package Check Results for Package HRM

Last updated on 2022-05-27 21:51:24 CEST.

Flavor Version Tinstall Tcheck Ttotal Status Flags
r-devel-linux-x86_64-debian-clang 1.2.1 44.08 276.84 320.92 NOTE
r-devel-linux-x86_64-debian-gcc 1.2.1 33.34 211.34 244.68 NOTE
r-devel-linux-x86_64-fedora-clang 1.2.1 377.04 NOTE
r-devel-linux-x86_64-fedora-gcc 1.2.1 370.79 NOTE
r-devel-windows-x86_64 1.2.1 54.00 262.00 316.00 OK
r-patched-linux-x86_64 1.2.1 40.80 256.97 297.77 NOTE
r-release-linux-x86_64 1.2.1 40.44 258.58 299.02 NOTE
r-release-macos-arm64 1.2.1 133.00 NOTE
r-release-macos-x86_64 1.2.1 225.00 NOTE
r-release-windows-x86_64 1.2.1 59.00 258.00 317.00 OK
r-oldrel-macos-arm64 1.2.1 182.00 NOTE
r-oldrel-macos-x86_64 1.2.1 195.00 OK
r-oldrel-windows-ix86+x86_64 1.2.1 87.00 398.00 485.00 OK

Check Details

Version: 1.2.1
Check: package dependencies
Result: NOTE
    Packages suggested but not available for checking: 'RGtk2', 'cairoDevice'
Flavors: r-devel-linux-x86_64-debian-clang, r-devel-linux-x86_64-debian-gcc, r-devel-linux-x86_64-fedora-clang, r-devel-linux-x86_64-fedora-gcc, r-patched-linux-x86_64, r-release-linux-x86_64, r-release-macos-arm64, r-release-macos-x86_64, r-oldrel-macos-arm64