CRAN Package Check Results for Package HTLR

Last updated on 2021-12-04 19:52:58 CET.

Flavor Version Tinstall Tcheck Ttotal Status Flags
r-devel-linux-x86_64-debian-clang 0.4-3 96.20 396.40 492.60 OK
r-devel-linux-x86_64-debian-gcc 0.4-3 67.09 868.27 935.36 OK
r-devel-linux-x86_64-fedora-clang 0.4-3 532.84 NOTE
r-devel-linux-x86_64-fedora-gcc 0.4-3 1044.46 OK
r-devel-windows-x86_64-new-UL 0.4-3 123.00 563.00 686.00 OK
r-devel-windows-x86_64-new-TK 0.4-3 OK
r-devel-windows-x86_64-old 0.4-3 122.00 228.00 350.00 OK
r-patched-linux-x86_64 0.4-3 80.81 660.16 740.97 OK
r-release-linux-x86_64 0.4-3 83.72 676.50 760.22 OK
r-release-macos-arm64 0.4-3 NOTE
r-release-macos-x86_64 0.4-3 NOTE
r-release-windows-ix86+x86_64 0.4-3 231.00 357.00 588.00 OK
r-oldrel-macos-x86_64 0.4-3 NOTE
r-oldrel-windows-ix86+x86_64 0.4-3 230.00 363.00 593.00 OK

Check Details

Version: 0.4-3
Check: installed package size
Result: NOTE
     installed size is 5.2Mb
     sub-directories of 1Mb or more:
     doc 1.1Mb
     libs 2.9Mb
Flavors: r-devel-linux-x86_64-fedora-clang, r-release-macos-arm64, r-release-macos-x86_64, r-oldrel-macos-x86_64