CRAN Package Check Results for Package HTRX

Last updated on 2024-02-22 19:55:34 CET.

Flavor Version Tinstall Tcheck Ttotal Status Flags
r-devel-linux-x86_64-debian-clang 1.2.4 OK
r-devel-linux-x86_64-debian-gcc 1.2.4 3.48 102.20 105.68 OK
r-devel-linux-x86_64-fedora-clang 1.2.4 165.15 NOTE
r-devel-linux-x86_64-fedora-gcc 1.2.4 192.33 NOTE
r-devel-windows-x86_64 1.2.4 5.00 146.00 151.00 OK
r-patched-linux-x86_64 1.2.4 3.46 130.49 133.95 OK
r-release-linux-x86_64 1.2.4 2.86 130.76 133.62 OK
r-release-macos-arm64 1.2.4 67.00 OK
r-release-macos-x86_64 1.2.4 174.00 OK
r-release-windows-x86_64 1.2.4 6.00 172.00 178.00 OK
r-oldrel-macos-arm64 1.2.4 61.00 OK
r-oldrel-windows-x86_64 1.2.4 7.00 174.00 181.00 OK

Check Details

Version: 1.2.4
Check: dependencies in R code
Result: NOTE Namespaces in Imports field not imported from: ‘recipes’ ‘tune’ All declared Imports should be used. Flavors: r-devel-linux-x86_64-fedora-clang, r-devel-linux-x86_64-fedora-gcc