CRAN Package Check Results for Package HarmonicRegression

Last updated on 2021-11-29 19:51:31 CET.

Flavor Version Tinstall Tcheck Ttotal Status Flags
r-devel-linux-x86_64-debian-clang 1.0 2.47 25.93 28.40 NOTE
r-devel-linux-x86_64-debian-gcc 1.0 2.05 21.10 23.15 NOTE
r-devel-linux-x86_64-fedora-clang 1.0 46.60 NOTE
r-devel-linux-x86_64-fedora-gcc 1.0 37.49 NOTE
r-devel-windows-x86_64-new-UL 1.0 6.00 68.00 74.00 NOTE
r-devel-windows-x86_64-new-TK 1.0 NOTE
r-devel-windows-x86_64-old 1.0 4.00 33.00 37.00 NOTE
r-patched-linux-x86_64 1.0 2.36 25.19 27.55 NOTE
r-patched-solaris-x86 1.0 58.10 NOTE
r-release-linux-x86_64 1.0 2.04 25.33 27.37 NOTE
r-release-macos-arm64 1.0 NOTE
r-release-macos-x86_64 1.0 NOTE
r-release-windows-ix86+x86_64 1.0 5.00 47.00 52.00 NOTE
r-oldrel-macos-x86_64 1.0 NOTE
r-oldrel-windows-ix86+x86_64 1.0 4.00 34.00 38.00 NOTE

Check Details

Version: 1.0
Check: R code for possible problems
Result: NOTE
    fit.one.harmonic: no visible global function definition for 'var'
    fit.one.harmonic: no visible global function definition for 'lm'
    fit.one.harmonic: no visible binding for global variable 'na.exclude'
    fit.one.harmonic: no visible global function definition for 'fitted'
    fit.one.harmonic: no visible global function definition for 'coef'
    fit.one.harmonic: no visible global function definition for 'residuals'
    fit.one.harmonic.trend: no visible global function definition for 'lm'
    fit.one.harmonic.trend: no visible binding for global variable
     'na.exclude'
    fit.one.harmonic.trend: no visible global function definition for
     'fitted'
    fit.one.harmonic.trend: no visible global function definition for
     'coef'
    fit.one.harmonic.trend: no visible global function definition for
     'residuals'
    harmonic.f.test: no visible global function definition for 'pf'
    harmonic.regression.matrix: no visible global function definition for
     'lm'
    harmonic.regression.matrix: no visible global function definition for
     'fitted'
    harmonic.regression.matrix: no visible global function definition for
     'coef'
    harmonic.regression.matrix: no visible binding for global variable
     'var'
    harmonic.regression.matrix: no visible global function definition for
     'residuals'
    harmonic.regression.matrix: no visible global function definition for
     'p.adjust'
    harmonic.regression.matrix.trend: no visible global function definition
     for 'lm'
    harmonic.regression.matrix.trend: no visible global function definition
     for 'fitted'
    harmonic.regression.matrix.trend: no visible global function definition
     for 'coef'
    harmonic.regression.matrix.trend: no visible global function definition
     for 'residuals'
    harmonic.regression.matrix.trend: no visible global function definition
     for 'p.adjust'
    harmonic.regression.nas: no visible global function definition for
     'p.adjust'
    harmonic.regression.nas.trend: no visible global function definition
     for 'p.adjust'
    normalize.one.ts: no visible global function definition for 'lm'
    normalize.one.ts: no visible binding for global variable 'na.exclude'
    normalize.one.ts: no visible global function definition for 'fitted'
    normalize.one.ts: no visible global function definition for 'coef'
    normalize.ts.matrix: no visible global function definition for 'lm'
    normalize.ts.matrix: no visible global function definition for 'fitted'
    normalize.ts.matrix: no visible global function definition for 'coef'
    Undefined global functions or variables:
     coef fitted lm na.exclude p.adjust pf residuals var
    Consider adding
     importFrom("stats", "coef", "fitted", "lm", "na.exclude", "p.adjust",
     "pf", "residuals", "var")
    to your NAMESPACE file.
Flavors: r-devel-linux-x86_64-debian-clang, r-devel-linux-x86_64-debian-gcc, r-devel-linux-x86_64-fedora-clang, r-devel-linux-x86_64-fedora-gcc, r-devel-windows-x86_64-new-UL, r-devel-windows-x86_64-new-TK, r-devel-windows-x86_64-old, r-patched-linux-x86_64, r-patched-solaris-x86, r-release-linux-x86_64, r-release-macos-arm64, r-release-macos-x86_64, r-release-windows-ix86+x86_64, r-oldrel-macos-x86_64, r-oldrel-windows-ix86+x86_64