Last updated on 2023-09-26 23:04:15 CEST.
Flavor | Version | Tinstall | Tcheck | Ttotal | Status | Flags |
---|---|---|---|---|---|---|
r-devel-linux-x86_64-debian-clang | 0.1.0 | 2.47 | 23.93 | 26.40 | OK | |
r-devel-linux-x86_64-debian-gcc | 0.1.0 | 2.00 | 19.02 | 21.02 | OK | |
r-devel-linux-x86_64-fedora-clang | 0.1.0 | 33.75 | NOTE | |||
r-devel-linux-x86_64-fedora-gcc | 0.1.0 | 33.60 | NOTE | |||
r-devel-windows-x86_64 | 0.1.0 | 4.00 | 48.00 | 52.00 | OK | |
r-patched-linux-x86_64 | 0.1.0 | 1.60 | 23.63 | 25.23 | OK | |
r-release-linux-x86_64 | 0.1.0 | 1.53 | 23.96 | 25.49 | OK | |
r-release-macos-arm64 | 0.1.0 | 21.00 | OK | |||
r-release-macos-x86_64 | 0.1.0 | 23.00 | OK | |||
r-release-windows-x86_64 | 0.1.0 | 4.00 | 45.00 | 49.00 | OK | |
r-oldrel-macos-arm64 | 0.1.0 | 17.00 | NOTE | |||
r-oldrel-macos-x86_64 | 0.1.0 | 27.00 | NOTE | |||
r-oldrel-windows-x86_64 | 0.1.0 | 5.00 | 46.00 | 51.00 | OK |
Version: 0.1.0
Check: dependencies in R code
Result: NOTE
Namespace in Imports field not imported from: ‘RiskPortfolios’
All declared Imports should be used.
Flavors: r-devel-linux-x86_64-fedora-clang, r-devel-linux-x86_64-fedora-gcc, r-oldrel-macos-arm64, r-oldrel-macos-x86_64