CRAN Package Check Results for Package HierPortfolios

Last updated on 2024-03-03 19:56:24 CET.

Flavor Version Tinstall Tcheck Ttotal Status Flags
r-devel-linux-x86_64-debian-clang 0.1.0 2.63 24.22 26.85 OK
r-devel-linux-x86_64-debian-gcc 0.1.0 1.86 19.01 20.87 OK
r-devel-linux-x86_64-fedora-clang 0.1.0 32.65 NOTE
r-devel-linux-x86_64-fedora-gcc 0.1.0 31.37 NOTE
r-devel-windows-x86_64 0.1.0 3.00 46.00 49.00 OK
r-patched-linux-x86_64 0.1.0 1.61 23.78 25.39 OK
r-release-linux-x86_64 0.1.0 1.57 23.75 25.32 OK
r-release-macos-arm64 0.1.0 21.00 OK
r-release-macos-x86_64 0.1.0 23.00 OK
r-release-windows-x86_64 0.1.0 4.00 46.00 50.00 OK
r-oldrel-macos-arm64 0.1.0 17.00 NOTE
r-oldrel-windows-x86_64 0.1.0 4.00 48.00 52.00 OK

Check Details

Version: 0.1.0
Check: dependencies in R code
Result: NOTE Namespace in Imports field not imported from: ‘RiskPortfolios’ All declared Imports should be used. Flavors: r-devel-linux-x86_64-fedora-clang, r-devel-linux-x86_64-fedora-gcc, r-oldrel-macos-arm64