CRAN Package Check Results for Package HistogramTools

Last updated on 2019-02-17 20:08:25 CET.

Flavor Version Tinstall Tcheck Ttotal Status Flags
r-devel-linux-x86_64-debian-clang 0.3.2 6.59 96.95 103.54 OK
r-devel-linux-x86_64-debian-gcc 0.3.2 5.53 75.69 81.22 OK
r-devel-linux-x86_64-fedora-clang 0.3.2 127.13 OK
r-devel-linux-x86_64-fedora-gcc 0.3.2 124.55 OK
r-devel-windows-ix86+x86_64 0.3.2 18.00 164.00 182.00 OK
r-patched-linux-x86_64 0.3.2 6.27 84.55 90.82 OK
r-patched-solaris-x86 0.3.2 177.10 NOTE
r-release-linux-x86_64 0.3.2 OK
r-release-windows-ix86+x86_64 0.3.2 11.00 163.00 174.00 OK
r-release-osx-x86_64 0.3.2 OK
r-oldrel-windows-ix86+x86_64 0.3.2 12.00 118.00 130.00 OK
r-oldrel-osx-x86_64 0.3.2 NOTE

Check Details

Version: 0.3.2
Check: package dependencies
Result: NOTE
    Package which this enhances but not available for checking: ‘RProtoBuf’
Flavors: r-patched-solaris-x86, r-oldrel-osx-x86_64

Version: 0.3.2
Check: Rd cross-references
Result: NOTE
    Package unavailable to check Rd xrefs: ‘RProtoBuf’
Flavors: r-patched-solaris-x86, r-oldrel-osx-x86_64