CRAN Package Check Results for Package HistogramTools

Last updated on 2018-05-21 21:48:01 CEST.

Flavor Version Tinstall Tcheck Ttotal Status Flags
r-devel-linux-x86_64-debian-clang 0.3.2 6.64 87.16 93.80 OK
r-devel-linux-x86_64-debian-gcc 0.3.2 5.71 73.95 79.66 OK
r-devel-linux-x86_64-fedora-clang 0.3.2 131.10 OK
r-devel-linux-x86_64-fedora-gcc 0.3.2 129.47 OK
r-devel-windows-ix86+x86_64 0.3.2 12.00 108.00 120.00 OK
r-patched-linux-x86_64 0.3.2 3.99 79.82 83.81 OK
r-patched-solaris-x86 0.3.2 172.70 NOTE
r-release-linux-x86_64 0.3.2 6.08 79.71 85.79 OK
r-release-windows-ix86+x86_64 0.3.2 11.00 100.00 111.00 OK
r-release-osx-x86_64 0.3.2 OK
r-oldrel-windows-ix86+x86_64 0.3.2 16.00 145.00 161.00 OK
r-oldrel-osx-x86_64 0.3.2 NOTE

Check Details

Version: 0.3.2
Check: package dependencies
Result: NOTE
    Package which this enhances but not available for checking: ‘RProtoBuf’
Flavors: r-patched-solaris-x86, r-oldrel-osx-x86_64

Version: 0.3.2
Check: Rd cross-references
Result: NOTE
    Package unavailable to check Rd xrefs: ‘RProtoBuf’
Flavors: r-patched-solaris-x86, r-oldrel-osx-x86_64