CRAN Package Check Results for Package HiveR

Last updated on 2021-03-07 19:48:57 CET.

Flavor Version Tinstall Tcheck Ttotal Status Flags
r-devel-linux-x86_64-debian-clang 0.3.63 14.20 223.75 237.95 OK
r-devel-linux-x86_64-debian-gcc 0.3.63 9.99 173.05 183.04 OK
r-devel-linux-x86_64-fedora-clang 0.3.63 296.99 OK
r-devel-linux-x86_64-fedora-gcc 0.3.63 277.75 OK
r-devel-windows-ix86+x86_64 0.3.63 21.00 312.00 333.00 OK
r-devel-windows-x86_64-gcc10-UCRT 0.3.63 OK
r-patched-linux-x86_64 0.3.63 13.52 216.07 229.59 OK
r-patched-solaris-x86 0.3.63 404.20 OK
r-release-linux-x86_64 0.3.63 13.99 215.58 229.57 OK
r-release-macos-x86_64 0.3.63 OK
r-release-windows-ix86+x86_64 0.3.63 14.00 209.00 223.00 OK
r-oldrel-macos-x86_64 0.3.63 WARN
r-oldrel-windows-ix86+x86_64 0.3.63 12.00 198.00 210.00 OK

Check Details

Version: 0.3.63
Check: whether package can be installed
Result: WARN
    Found the following significant warnings:
     Warning: 'rgl.init' failed, running with 'rgl.useNULL = TRUE'.
Flavor: r-oldrel-macos-x86_64

Version: 0.3.63
Check: dependencies in R code
Result: NOTE
    No protocol specified
    No protocol specified
Flavor: r-oldrel-macos-x86_64

Version: 0.3.63
Check: S3 generic/method consistency
Result: WARN
    No protocol specified
    No protocol specified
    See section ‘Generic functions and methods’ in the ‘Writing R
    Extensions’ manual.
Flavor: r-oldrel-macos-x86_64

Version: 0.3.63
Check: replacement functions
Result: WARN
    No protocol specified
    No protocol specified
    The argument of a replacement function which corresponds to the right
    hand side must be named ‘value’.
Flavor: r-oldrel-macos-x86_64

Version: 0.3.63
Check: foreign function calls
Result: NOTE
    No protocol specified
    No protocol specified
    See chapter ‘System and foreign language interfaces’ in the ‘Writing R
    Extensions’ manual.
Flavor: r-oldrel-macos-x86_64

Version: 0.3.63
Check: R code for possible problems
Result: NOTE
    No protocol specified
    No protocol specified
Flavor: r-oldrel-macos-x86_64

Version: 0.3.63
Check: for missing documentation entries
Result: WARN
    No protocol specified
    No protocol specified
    All user-level objects in a package should have documentation entries.
    See chapter ‘Writing R documentation files’ in the ‘Writing R
    Extensions’ manual.
Flavor: r-oldrel-macos-x86_64

Version: 0.3.63
Check: for code/documentation mismatches
Result: WARN
    No protocol specified
    No protocol specified
    No protocol specified
    No protocol specified
    No protocol specified
    No protocol specified
Flavor: r-oldrel-macos-x86_64

Version: 0.3.63
Check: Rd \usage sections
Result: NOTE
    No protocol specified
    No protocol specified
    The \usage entries for S3 methods should use the \method markup and not
    their full name.
    See chapter ‘Writing R documentation files’ in the ‘Writing R
    Extensions’ manual.
Flavor: r-oldrel-macos-x86_64