Last updated on 2022-05-20 21:52:53 CEST.
Flavor | Version | Tinstall | Tcheck | Ttotal | Status | Flags |
---|---|---|---|---|---|---|
r-devel-linux-x86_64-debian-clang | 1.0.1 | 139.74 | 137.28 | 277.02 | NOTE | |
r-devel-linux-x86_64-debian-gcc | 1.0.1 | 117.05 | 98.98 | 216.03 | NOTE | |
r-devel-linux-x86_64-fedora-clang | 1.0.1 | 420.84 | NOTE | |||
r-devel-linux-x86_64-fedora-gcc | 1.0.1 | 361.90 | NOTE | |||
r-devel-windows-x86_64 | 1.0.1 | 125.00 | 171.00 | 296.00 | NOTE | |
r-patched-linux-x86_64 | 1.0.1 | 129.44 | 129.29 | 258.73 | NOTE | |
r-release-linux-x86_64 | 1.0.1 | 118.58 | 126.93 | 245.51 | NOTE | |
r-release-macos-arm64 | 1.0.1 | 79.00 | NOTE | |||
r-release-macos-x86_64 | 1.0.1 | 132.00 | NOTE | |||
r-release-windows-x86_64 | 1.0.1 | 132.00 | 169.00 | 301.00 | NOTE | |
r-oldrel-macos-arm64 | 1.0.1 | 93.00 | NOTE | |||
r-oldrel-macos-x86_64 | 1.0.1 | 117.00 | NOTE | |||
r-oldrel-windows-ix86+x86_64 | 1.0.1 | 345.00 | 228.00 | 573.00 | NOTE |
Version: 1.0.1
Check: LazyData
Result: NOTE
'LazyData' is specified without a 'data' directory
Flavors: r-devel-linux-x86_64-debian-clang, r-devel-linux-x86_64-debian-gcc, r-devel-linux-x86_64-fedora-clang, r-devel-linux-x86_64-fedora-gcc, r-devel-windows-x86_64, r-patched-linux-x86_64, r-release-linux-x86_64, r-release-macos-arm64, r-release-macos-x86_64, r-release-windows-x86_64, r-oldrel-macos-arm64, r-oldrel-macos-x86_64, r-oldrel-windows-ix86+x86_64
Version: 1.0.1
Check: installed package size
Result: NOTE
installed size is 6.3Mb
sub-directories of 1Mb or more:
libs 5.5Mb
Flavors: r-devel-linux-x86_64-fedora-clang, r-release-macos-arm64, r-release-macos-x86_64, r-oldrel-macos-arm64, r-oldrel-macos-x86_64