CRAN Package Check Results for Package ICtest

Last updated on 2024-02-29 20:05:29 CET.

Flavor Version Tinstall Tcheck Ttotal Status Flags
r-devel-linux-x86_64-debian-clang 0.3-5 49.79 221.66 271.45 OK
r-devel-linux-x86_64-debian-gcc 0.3-5 39.99 161.56 201.55 OK
r-devel-linux-x86_64-fedora-clang 0.3-5 343.14 OK
r-devel-linux-x86_64-fedora-gcc 0.3-5 355.39 OK
r-devel-windows-x86_64 0.3-5 43.00 190.00 233.00 OK
r-patched-linux-x86_64 0.3-5 53.01 215.91 268.92 OK
r-release-linux-x86_64 0.3-5 49.08 214.72 263.80 OK
r-release-macos-arm64 0.3-5 100.00 NOTE
r-release-macos-x86_64 0.3-5 171.00 NOTE
r-release-windows-x86_64 0.3-5 55.00 243.00 298.00 OK
r-oldrel-macos-arm64 0.3-5 99.00 NOTE
r-oldrel-windows-x86_64 0.3-5 57.00 246.00 303.00 OK

Check Details

Version: 0.3-5
Check: installed package size
Result: NOTE installed size is 5.6Mb sub-directories of 1Mb or more: doc 2.5Mb libs 2.8Mb Flavors: r-release-macos-arm64, r-release-macos-x86_64, r-oldrel-macos-arm64