CRAN Package Check Results for Package ICtest

Last updated on 2021-01-23 19:47:37 CET.

Flavor Version Tinstall Tcheck Ttotal Status Flags
r-devel-linux-x86_64-debian-clang 0.3-2 47.00 192.76 239.76 OK
r-devel-linux-x86_64-debian-gcc 0.3-2 32.47 139.76 172.23 OK
r-devel-linux-x86_64-fedora-clang 0.3-2 295.29 NOTE
r-devel-linux-x86_64-fedora-gcc 0.3-2 282.31 OK
r-devel-windows-ix86+x86_64 0.3-2 112.00 322.00 434.00 OK
r-patched-linux-x86_64 0.3-2 38.94 179.29 218.23 OK
r-patched-solaris-x86 0.3-2 344.10 OK
r-release-linux-x86_64 0.3-2 39.61 177.28 216.89 OK
r-release-macos-x86_64 0.3-2 OK
r-release-windows-ix86+x86_64 0.3-2 112.00 327.00 439.00 OK
r-oldrel-macos-x86_64 0.3-2 OK
r-oldrel-windows-ix86+x86_64 0.3-2 86.00 255.00 341.00 OK

Check Details

Version: 0.3-2
Check: Rd cross-references
Result: NOTE
    Undeclared package ‘fICA’ in Rd xrefs
Flavor: r-devel-linux-x86_64-fedora-clang